-- Table structure for table `wpql_woocommerce_tax_rates`
--

CREATE TABLE `wpql_woocommerce_tax_rates` (
  `tax_rate_id` bigint(20) unsigned NOT NULL AUTO_INCREMENT,
  `tax_rate_country` varchar(2) COLLATE utf8mb4_unicode_ci NOT NULL DEFAULT '',
  `tax_rate_state` varchar(200) COLLATE utf8mb4_unicode_ci NOT NULL DEFAULT '',
  `tax_rate` varchar(8) COLLATE utf8mb4_unicode_ci NOT NULL DEFAULT '',
  `tax_rate_name` varchar(200) COLLATE utf8mb4_unicode_ci NOT NULL DEFAULT '',
  `tax_rate_priority` bigint(20) unsigned NOT NULL,
  `tax_rate_compound` int(1) NOT NULL DEFAULT 0,
  `tax_rate_shipping` int(1) NOT NULL DEFAULT 1,
  `tax_rate_order` bigint(20) unsigned NOT NULL,
  `tax_rate_class` varchar(200) COLLATE utf8mb4_unicode_ci NOT NULL DEFAULT '',
  PRIMARY KEY (`tax_rate_id`),
  KEY `tax_rate_country` (`tax_rate_country`),
  KEY `tax_rate_state` (`tax_rate_state`(2)),
  KEY `tax_rate_class` (`tax_rate_class`(10)),
  KEY `tax_rate_priority` (`tax_rate_priority`)
) ENGINE=MyISAM DEFAULT CHARSET=utf8mb4 COLLATE=utf8mb4_unicode_ci;

--
-- Dumping data for table `wpql_woocommerce_tax_rates`
--


-- Dumped table `wpql_woocommerce_tax_rates` with 0 row(s)
--

--
-- Table structure for table `wpql_wc_order_tax_lookup`
--

CREATE TABLE `wpql_wc_order_tax_lookup` (
  `order_id` bigint(20) unsigned NOT NULL,
  `tax_rate_id` bigint(20) unsigned NOT NULL,
  `date_created` datetime NOT NULL DEFAULT '0000-00-00 00:00:00',
  `shipping_tax` double NOT NULL DEFAULT 0,
  `order_tax` double NOT NULL DEFAULT 0,
  `total_tax` double NOT NULL DEFAULT 0,
  PRIMARY KEY (`order_id`,`tax_rate_id`),
  KEY `tax_rate_id` (`tax_rate_id`),
  KEY `date_created` (`date_created`)
) ENGINE=MyISAM DEFAULT CHARSET=utf8mb4 COLLATE=utf8mb4_unicode_ci;

--
-- Dumping data for table `wpql_wc_order_tax_lookup`
--


-- Dumped table `wpql_wc_order_tax_lookup` with 0 row(s)
--

--
-- Table structure for table `wpql_woocommerce_shipping_zone_locations`
--

CREATE TABLE `wpql_woocommerce_shipping_zone_locations` (
  `location_id` bigint(20) unsigned NOT NULL AUTO_INCREMENT,
  `zone_id` bigint(20) unsigned NOT NULL,
  `location_code` varchar(200) COLLATE utf8mb4_unicode_ci NOT NULL,
  `location_type` varchar(40) COLLATE utf8mb4_unicode_ci NOT NULL,
  PRIMARY KEY (`location_id`),
  KEY `location_id` (`location_id`),
  KEY `location_type_code` (`location_type`(10),`location_code`(20))
) ENGINE=MyISAM DEFAULT CHARSET=utf8mb4 COLLATE=utf8mb4_unicode_ci;

--
-- Dumping data for table `wpql_woocommerce_shipping_zone_locations`
--


-- Dumped table `wpql_woocommerce_shipping_zone_locations` with 0 row(s)
--

--
-- Table structure for table `wpql_wc_admin_note_actions`
--

CREATE TABLE `wpql_wc_admin_note_actions` (
  `action_id` bigint(20) unsigned NOT NULL AUTO_INCREMENT,
  `note_id` bigint(20) unsigned NOT NULL,
  `name` varchar(255) COLLATE utf8mb4_unicode_ci NOT NULL,
  `label` varchar(255) COLLATE utf8mb4_unicode_ci NOT NULL,
  `query` longtext COLLATE utf8mb4_unicode_ci NOT NULL,
  `status` varchar(255) COLLATE utf8mb4_unicode_ci NOT NULL,
  `is_primary` tinyint(1) NOT NULL DEFAULT 0,
  `actioned_text` varchar(255) COLLATE utf8mb4_unicode_ci NOT NULL,
  `nonce_action` varchar(255) COLLATE utf8mb4_unicode_ci DEFAULT NULL,
  `nonce_name` varchar(255) COLLATE utf8mb4_unicode_ci DEFAULT NULL,
  PRIMARY KEY (`action_id`),
  KEY `note_id` (`note_id`)
) ENGINE=MyISAM AUTO_INCREMENT=9383 DEFAULT CHARSET=utf8mb4 COLLATE=utf8mb4_unicode_ci;

--
-- Dumping data for table `wpql_wc_admin_note_actions`
--

INSERT INTO `wpql_wc_admin_note_actions` VALUES (1,1,'connect','Connect','?page=wc-addons&section=helper','unactioned',0,'',NULL,NULL),(2,2,'yes-please','Yes please!','https://woocommerce.us8.list-manage.com/subscribe/post?u=2c1434dc56f9506bf3c3ecd21&amp;id=13860df971&amp;SIGNUPPAGE=plugin','actioned',0,'',NULL,NULL),(3,3,'open-marketing-hub','Open marketing hub','https://quirkyaprons.com/wp-admin/admin.php?page=wc-admin&path=/marketing','actioned',0,'',NULL,NULL),(5143,10,'eu_vat_changes_2021','Learn more about the EU tax regulations','https://woocommerce.com/posts/new-eu-vat-regulations','actioned',1,'',NULL,NULL),(5312,21,'add-apple-pay','Add Apple Pay','/admin.php?page=wc-settings&tab=checkout&section=woocommerce_payments','actioned',1,'',NULL,NULL),(289,43,'affirm-insight-first-product-and-payment','Yes','','actioned',0,'Thanks for your feedback',NULL,NULL),(9,6,'learn-more','Learn more','https://woocommerce.com/mobile/','actioned',0,'',NULL,NULL),(10,7,'tracking-opt-in','Activate usage tracking','','actioned',1,'',NULL,NULL),(11,8,'share-feedback','Share feedback','https://automattic.survey.fm/new-onboarding-survey','actioned',0,'',NULL,NULL),(14,9,'learn-more','Learn more','https://woocommerce.com/mobile/?utm_source=inbox','actioned',0,'',NULL,NULL),(5144,11,'open_wc_paypal_payments_product_page','Learn more','https://woocommerce.com/products/woocommerce-paypal-payments/','actioned',1,'',NULL,NULL),(5145,12,'upgrade_now_facebook_pixel_api','Upgrade now','plugin-install.php?tab=plugin-information&plugin=&section=changelog','actioned',1,'',NULL,NULL),(5146,13,'learn_more_facebook_ec','Learn more','https://woocommerce.com/products/facebook/','unactioned',1,'',NULL,NULL),(9352,14,'set-up-concierge','Schedule free session','https://wordpress.com/me/concierge','actioned',1,'',NULL,NULL),(9353,15,'learn-more','Learn more','https://docs.woocommerce.com/document/woocommerce-shipping-and-tax/?utm_source=inbox','unactioned',1,'',NULL,NULL),(9354,16,'learn-more-ecomm-unique-shopping-experience','Learn more','https://docs.woocommerce.com/document/product-add-ons/?utm_source=inbox','actioned',1,'',NULL,NULL),(9355,17,'watch-the-webinar','Watch the webinar','https://youtu.be/V_2XtCOyZ7o','actioned',1,'',NULL,NULL),(9356,18,'learn-more','Learn more','https://woocommerce.com/posts/ecommerce-shipping-solutions-guide/?utm_source=inbox','actioned',1,'',NULL,NULL),(5310,19,'boost-sales-marketing-guide','See marketing guide','https://developer.apple.com/apple-pay/marketing/?utm_source=inbox&utm_campaign=square-boost-sales','actioned',1,'',NULL,NULL),(5311,20,'grow-your-business-marketing-guide','See marketing guide','https://developer.apple.com/apple-pay/marketing/?utm_source=inbox&utm_campaign=square-grow-your-business','actioned',1,'',NULL,NULL),(5313,21,'learn-more','Learn more','https://docs.woocommerce.com/document/payments/apple-pay/?utm_source=inbox&utm_medium=product&utm_campaign=wcpay_applepay','actioned',1,'',NULL,NULL),(288,42,'visit-the-theme-marketplace','Visit the theme marketplace','https://woocommerce.com/product-category/themes/?utm_source=inbox','actioned',0,'',NULL,NULL),(5314,22,'boost-sales-marketing-guide','See marketing guide','https://developer.apple.com/apple-pay/marketing/?utm_source=inbox&utm_campaign=wcpay-boost-sales','actioned',1,'',NULL,NULL),(5315,23,'grow-your-business-marketing-guide','See marketing guide','https://developer.apple.com/apple-pay/marketing/?utm_source=inbox&utm_campaign=wcpay-grow-your-business','actioned',1,'',NULL,NULL),(9357,24,'optimizing-the-checkout-flow','Learn more','https://woocommerce.com/posts/optimizing-woocommerce-checkout?utm_source=inbox','actioned',1,'',NULL,NULL),(9358,25,'learn-more','Learn more','https://woocommerce.com/posts/first-things-customize-woocommerce/?utm_source=inbox','unactioned',1,'',NULL,NULL),(9359,26,'qualitative-feedback-from-new-users','Share feedback','https://automattic.survey.fm/wc-pay-new','actioned',1,'',NULL,NULL),(9360,27,'share-feedback','Share feedback','http://automattic.survey.fm/paypal-feedback','unactioned',1,'',NULL,NULL),(5162,28,'learn-more','Learn about Instant Deposits eligibility','https://docs.woocommerce.com/document/payments/instant-deposits/?utm_source=inbox&utm_medium=product&utm_campaign=wcpay_instant_deposits','actioned',1,'',NULL,NULL),(9361,29,'get-started','Get started','https://woocommerce.com/products/google-listings-and-ads','actioned',1,'',NULL,NULL),(9362,30,'update-wc-subscriptions-3-0-15','View latest version','https://quirkyaprons.com/wp-admin/admin.php?page=wc-admin&page=wc-addons&section=helper','actioned',1,'',NULL,NULL),(9363,31,'update-wc-core-5-4-0','How to update WooCommerce','https://docs.woocommerce.com/document/how-to-update-woocommerce/','actioned',1,'',NULL,NULL),(8826,34,'get-woo-commerce-payments','Get WooCommerce Payments','admin.php?page=wc-admin&action=setup-woocommerce-payments','actioned',1,'',NULL,NULL),(8827,35,'get-woocommerce-payments','Get WooCommerce Payments','admin.php?page=wc-admin&action=setup-woocommerce-payments','actioned',1,'',NULL,NULL),(9364,36,'ppxo-pps-install-paypal-payments-1','View upgrade guide','https://docs.woocommerce.com/document/woocommerce-paypal-payments/paypal-payments-upgrade-guide/','actioned',1,'',NULL,NULL),(9365,37,'ppxo-pps-install-paypal-payments-2','View upgrade guide','https://docs.woocommerce.com/document/woocommerce-paypal-payments/paypal-payments-upgrade-guide/','actioned',1,'',NULL,NULL),(286,40,'learn-more','Learn more','https://woocommerce.com/mobile/?utm_source=inbox','actioned',0,'',NULL,NULL),(287,41,'learn-more','Learn more','https://woocommerce.com/mobile/?utm_source=inbox','actioned',0,'',NULL,NULL),(284,39,'affirm-insight-first-sale','Yes','','actioned',0,'Thanks for your feedback',NULL,NULL),(285,39,'deny-insight-first-sale','No','','actioned',0,'Thanks for your feedback',NULL,NULL),(1786,50,'learn-more','Learn more','https://woocommerce.com/mobile/?utm_source=inbox','actioned',0,'',NULL,NULL),(283,38,'view-payment-gateways','Learn more','https://woocommerce.com/product-category/woocommerce-extensions/payment-gateways/','actioned',1,'',NULL,NULL),(290,43,'affirm-insight-first-product-and-payment','No','','actioned',0,'Thanks for your feedback',NULL,NULL),(5142,44,'wayflyer_q3_2021','Get funded','https://woocommerce.com/products/wayflyer/','actioned',1,'',NULL,NULL),(9367,45,'dismiss','Dismiss','','actioned',0,'',NULL,NULL),(9369,46,'dismiss','Dismiss','','actioned',0,'',NULL,NULL),(9371,47,'dismiss','Dismiss','','actioned',0,'',NULL,NULL),(9373,48,'dismiss','Dismiss','','actioned',0,'',NULL,NULL),(9366,45,'learn-more','Learn more','https://woocommerce.com/posts/critical-vulnerability-detected-july-2021/?utm_source=inbox_note&utm_medium=product&utm_campaign=vulnerability_comms','unactioned',1,'',NULL,NULL),(9368,46,'learn-more','Learn more','https://woocommerce.com/posts/critical-vulnerability-detected-july-2021/?utm_source=inbox_note&utm_medium=product&utm_campaign=vulnerability_comms','unactioned',1,'',NULL,NULL),(9370,47,'learn-more','Learn more','https://woocommerce.com/posts/critical-vulnerability-detected-july-2021/?utm_source=inbox_note&utm_medium=product&utm_campaign=vulnerability_comms','unactioned',1,'',NULL,NULL),(9372,48,'learn-more','Learn more','https://woocommerce.com/posts/critical-vulnerability-detected-july-2021/?utm_source=inbox_note&utm_medium=product&utm_campaign=vulnerability_comms','unactioned',1,'',NULL,NULL),(1785,49,'jetpack-backup-woocommerce','Get backups','https://jetpack.com/upgrade/backup-woocommerce/?utm_source=inbox&#038;utm_medium=automattic_referred&#038;utm_campaign=jp_backup_to_woo','actioned',0,'',NULL,NULL),(2883,51,'mercadopago_q3_2021_EN','Free download','https://woocommerce.com/products/mercado-pago-checkout/?utm_source=inbox&utm_medium=product&utm_campaign=mercadopago_q3_2021_EN','actioned',1,'',NULL,NULL),(5178,52,'learn-more','Learn more','https://woocommerce.com/products/bbpos-chipper2xbt-card-reader?utm_source=inbox&utm_medium=product&utm_campaign=bbpos-chipper-launch','unactioned',1,'',NULL,NULL),(9375,64,'share-navigation-survey-feedback','Share feedback','https://automattic.survey.fm/feedback-on-woocommerce-navigation','actioned',1,'',NULL,NULL),(9374,53,'share-feedback','Share feedback','https://automattic.survey.fm/store-management','unactioned',1,'',NULL,NULL),(5570,54,'browse_extensions','Browse extensions','http://quirkyaprons.com/wp-admin/admin.php?page=wc-admin&page=wc-addons','unactioned',1,'',NULL,NULL),(5571,55,'browse_extensions','Browse extensions','http://quirkyaprons.com/wp-admin/admin.php?page=wc-admin&page=wc-addons','unactioned',1,'',NULL,NULL),(9345,56,'stripe_applepay_holiday2021','Accept Apple Pay','https://woocommerce.com/apple-pay/','actioned',1,'',NULL,NULL),(9346,57,'square_applepay_holiday2021','Accept Apple Pay','https://woocommerce.com/apple-pay/','actioned',1,'',NULL,NULL),(9347,58,'wcpay_applepay_holiday2021','Accept Apple Pay','https://woocommerce.com/apple-pay/','actioned',1,'',NULL,NULL),(9349,59,'wayflyer_bnpl_q4_2021','Level up with funding','https://woocommerce.com/products/wayflyer/','actioned',1,'',NULL,NULL),(9350,60,'wc_shipping_mobile_app_usps_q4_2021','Get WooCommerce Shipping','https://woocommerce.com/woocommerce-shipping/','actioned',1,'',NULL,NULL),(9351,61,'wc_shipping_mobile_app_q4_2021','Get the WooCommerce Mobile App','https://woocommerce.com/mobile/','actioned',1,'',NULL,NULL),(9348,62,'browse_extensions','Browse extensions','https://quirkyaprons.com/wp-admin/admin.php?page=wc-admin&page=wc-addons','unactioned',1,'',NULL,NULL),(9381,5,'update-db_run','Update WooCommerce Database','https://quirkyaprons.com/wp-admin/update-core.php?do_update_woocommerce=true','unactioned',1,'wc_db_update','wc_db_update','wc_db_update_nonce'),(7416,63,'update-store-details','Update store details','http://quirkyaprons.com/wp-admin/admin.php?page=wc-admin&path=/setup-wizard','actioned',0,'',NULL,NULL),(9382,5,'update-db_learn-more','Learn more about updates','https://docs.woocommerce.com/document/how-to-update-woocommerce/','unactioned',0,'',NULL,NULL),(9376,65,'wc_simple_payments_m2_reader_launch_q1_2022','Learn more','https://woocommerce.com/in-person-payments/','actioned',0,'',NULL,NULL),(9377,66,'wcpay_applepay_q1_2022','Let your customers know about Apple Pay','https://developer.apple.com/apple-pay/marketing/','actioned',0,'',NULL,NULL),(9378,67,'stripe_applepay_q1_2022','Add Apple Pay','https://quirkyaprons.com/wp-admin/admin.php?page=wc-admin&page=wc-settings&tab=checkout&section=stripe','actioned',0,'',NULL,NULL),(9379,68,'square_applepay_q1_2022','Add Apple Pay','https://quirkyaprons.com/wp-admin/admin.php?page=wc-admin&page=wc-settings&tab=square','actioned',0,'',NULL,NULL),(9380,69,'lead_gen_existing_customers_1','Yes, please','https://woocommerce.com/take-your-business-to-the-next-level/','actioned',0,'',NULL,NULL);

-- Dumped table `wpql_wc_admin_note_actions` with 74 row(s)
--

--
-- Table structure for table `wpql_woocommerce_shipping_zone_methods`
--

CREATE TABLE `wpql_woocommerce_shipping_zone_methods` (
  `zone_id` bigint(20) unsigned NOT NULL,
  `instance_id` bigint(20) unsigned NOT NULL AUTO_INCREMENT,
  `method_id` varchar(200) COLLATE utf8mb4_unicode_ci NOT NULL,
  `method_order` bigint(20) unsigned NOT NULL,
  `is_enabled` tinyint(1) NOT NULL DEFAULT 1,
  PRIMARY KEY (`instance_id`)
) ENGINE=MyISAM DEFAULT CHARSET=utf8mb4 COLLATE=utf8mb4_unicode_ci;

--
-- Dumping data for table `wpql_woocommerce_shipping_zone_methods`
--


-- Dumped table `wpql_woocommerce_shipping_zone_methods` with 0 row(s)
--

--
-- Table structure for table `wpql_woocommerce_downloadable_product_permissions`
--

CREATE TABLE `wpql_woocommerce_downloadable_product_permissions` (
  `permission_id` bigint(20) unsigned NOT NULL AUTO_INCREMENT,
  `download_id` varchar(36) COLLATE utf8mb4_unicode_ci NOT NULL,
  `product_id` bigint(20) unsigned NOT NULL,
  `order_id` bigint(20) unsigned NOT NULL DEFAULT 0,
  `order_key` varchar(200) COLLATE utf8mb4_unicode_ci NOT NULL,
  `user_email` varchar(200) COLLATE utf8mb4_unicode_ci NOT NULL,
  `user_id` bigint(20) unsigned DEFAULT NULL,
  `downloads_remaining` varchar(9) COLLATE utf8mb4_unicode_ci DEFAULT NULL,
  `access_granted` datetime NOT NULL DEFAULT '0000-00-00 00:00:00',
  `access_expires` datetime DEFAULT NULL,
  `download_count` bigint(20) unsigned NOT NULL DEFAULT 0,
  PRIMARY KEY (`permission_id`),
  KEY `download_order_key_product` (`product_id`,`order_id`,`order_key`(16),`download_id`),
  KEY `download_order_product` (`download_id`,`order_id`,`product_id`),
  KEY `order_id` (`order_id`),
  KEY `user_order_remaining_expires` (`user_id`,`order_id`,`downloads_remaining`,`access_expires`)
) ENGINE=MyISAM DEFAULT CHARSET=utf8mb4 COLLATE=utf8mb4_unicode_ci;

--
-- Dumping data for table `wpql_woocommerce_downloadable_product_permissions`
--


-- Dumped table `wpql_woocommerce_downloadable_product_permissions` with 0 row(s)
--

--
-- Table structure for table `wpql_cartflows_ca_email_templates_meta`
--

CREATE TABLE `wpql_cartflows_ca_email_templates_meta` (
  `id` bigint(20) NOT NULL AUTO_INCREMENT,
  `email_template_id` bigint(20) NOT NULL,
  `meta_key` varchar(255) COLLATE utf8mb4_unicode_ci NOT NULL,
  `meta_value` longtext COLLATE utf8mb4_unicode_ci NOT NULL,
  PRIMARY KEY (`id`),
  KEY `email_template_id` (`email_template_id`)
) ENGINE=MyISAM AUTO_INCREMENT=16 DEFAULT CHARSET=utf8mb4 COLLATE=utf8mb4_unicode_ci;

--
-- Dumping data for table `wpql_cartflows_ca_email_templates_meta`
--

INSERT INTO `wpql_cartflows_ca_email_templates_meta` VALUES (1,1,'override_global_coupon',''),(2,1,'discount_type','percent'),(3,1,'coupon_amount','10'),(4,1,'coupon_expiry_date',''),(5,1,'coupon_expiry_unit','hours'),(6,2,'override_global_coupon',''),(7,2,'discount_type','percent'),(8,2,'coupon_amount','10'),(9,2,'coupon_expiry_date',''),(10,2,'coupon_expiry_unit','hours'),(11,3,'override_global_coupon',''),(12,3,'discount_type','percent'),(13,3,'coupon_amount','10'),(14,3,'coupon_expiry_date',''),(15,3,'coupon_expiry_unit','hours');

-- Dumped table `wpql_cartflows_ca_email_templates_meta` with 15 row(s)
--

--
-- Table structure for table `wpql_wc_webhooks`
--

CREATE TABLE `wpql_wc_webhooks` (
  `webhook_id` bigint(20) unsigned NOT NULL AUTO_INCREMENT,
  `status` varchar(200) COLLATE utf8mb4_unicode_ci NOT NULL,
  `name` text COLLATE utf8mb4_unicode_ci NOT NULL,
  `user_id` bigint(20) unsigned NOT NULL,
  `delivery_url` text COLLATE utf8mb4_unicode_ci NOT NULL,
  `secret` text COLLATE utf8mb4_unicode_ci NOT NULL,
  `topic` varchar(200) COLLATE utf8mb4_unicode_ci NOT NULL,
  `date_created` datetime NOT NULL DEFAULT '0000-00-00 00:00:00',
  `date_created_gmt` datetime NOT NULL DEFAULT '0000-00-00 00:00:00',
  `date_modified` datetime NOT NULL DEFAULT '0000-00-00 00:00:00',
  `date_modified_gmt` datetime NOT NULL DEFAULT '0000-00-00 00:00:00',
  `api_version` smallint(4) NOT NULL,
  `failure_count` smallint(10) NOT NULL DEFAULT 0,
  `pending_delivery` tinyint(1) NOT NULL DEFAULT 0,
  PRIMARY KEY (`webhook_id`),
  KEY `user_id` (`user_id`)
) ENGINE=MyISAM DEFAULT CHARSET=utf8mb4 COLLATE=utf8mb4_unicode_ci;

--
-- Dumping data for table `wpql_wc_webhooks`
--


-- Dumped table `wpql_wc_webhooks` with 0 row(s)
--

--
-- Table structure for table `wpql_woocommerce_shipping_zones`
--

CREATE TABLE `wpql_woocommerce_shipping_zones` (
  `zone_id` bigint(20) unsigned NOT NULL AUTO_INCREMENT,
  `zone_name` varchar(200) COLLATE utf8mb4_unicode_ci NOT NULL,
  `zone_order` bigint(20) unsigned NOT NULL,
  PRIMARY KEY (`zone_id`)
) ENGINE=MyISAM DEFAULT CHARSET=utf8mb4 COLLATE=utf8mb4_unicode_ci;

--
-- Dumping data for table `wpql_woocommerce_shipping_zones`
--


-- Dumped table `wpql_woocommerce_shipping_zones` with 0 row(s)
--

--
-- Table structure for table `wpql_wc_order_product_lookup`
--

CREATE TABLE `wpql_wc_order_product_lookup` (
  `order_item_id` bigint(20) unsigned NOT NULL,
  `order_id` bigint(20) unsigned NOT NULL,
  `product_id` bigint(20) unsigned NOT NULL,
  `variation_id` bigint(20) unsigned NOT NULL,
  `customer_id` bigint(20) unsigned DEFAULT NULL,
  `date_created` datetime NOT NULL DEFAULT '0000-00-00 00:00:00',
  `product_qty` int(11) NOT NULL,
  `product_net_revenue` double NOT NULL DEFAULT 0,
  `product_gross_revenue` double NOT NULL DEFAULT 0,
  `coupon_amount` double NOT NULL DEFAULT 0,
  `tax_amount` double NOT NULL DEFAULT 0,
  `shipping_amount` double NOT NULL DEFAULT 0,
  `shipping_tax_amount` double NOT NULL DEFAULT 0,
  PRIMARY KEY (`order_item_id`),
  KEY `order_id` (`order_id`),
  KEY `product_id` (`product_id`),
  KEY `customer_id` (`customer_id`),
  KEY `date_created` (`date_created`)
) ENGINE=MyISAM DEFAULT CHARSET=utf8mb4 COLLATE=utf8mb4_unicode_ci;

--
-- Dumping data for table `wpql_wc_order_product_lookup`
--


-- Dumped table `wpql_wc_order_product_lookup` with 0 row(s)
--

--
-- Table structure for table `wpql_terms`
--

CREATE TABLE `wpql_terms` (
  `term_id` bigint(20) unsigned NOT NULL AUTO_INCREMENT,
  `name` varchar(200) NOT NULL DEFAULT '',
  `slug` varchar(200) NOT NULL DEFAULT '',
  `term_group` bigint(10) NOT NULL DEFAULT 0,
  PRIMARY KEY (`term_id`),
  KEY `slug` (`slug`(191)),
  KEY `name` (`name`(191))
) ENGINE=MyISAM AUTO_INCREMENT=26 DEFAULT CHARSET=utf8;

--
-- Dumping data for table `wpql_terms`
--

INSERT INTO `wpql_terms` VALUES (1,'Uncategorized','uncategorized',0),(2,'Top Menu','top-menu',0),(3,'Social Links Menu','social-links-menu',0),(4,'simple','simple',0),(5,'grouped','grouped',0),(6,'variable','variable',0),(7,'external','external',0),(8,'exclude-from-search','exclude-from-search',0),(9,'exclude-from-catalog','exclude-from-catalog',0),(10,'featured','featured',0),(11,'outofstock','outofstock',0),(12,'rated-1','rated-1',0),(13,'rated-2','rated-2',0),(14,'rated-3','rated-3',0),(15,'rated-4','rated-4',0),(16,'rated-5','rated-5',0),(17,'Uncategorized','uncategorized',0),(18,'Top Navigation','top-navigation',0),(19,'Abstract','abstract',0),(20,'Floral','floral',0),(21,'page','page',0),(22,'Scenery','scenery',0),(23,'section','section',0),(24,'wc_update_product_lookup_tables','wc_update_product_lookup_tables',0),(25,'woocommerce-db-updates','woocommerce-db-updates',0);

-- Dumped table `wpql_terms` with 25 row(s)
--

--
-- Table structure for table `wpql_termmeta`
--

CREATE TABLE `wpql_termmeta` (
  `meta_id` bigint(20) unsigned NOT NULL AUTO_INCREMENT,
  `term_id` bigint(20) unsigned NOT NULL DEFAULT 0,
  `meta_key` varchar(255) DEFAULT NULL,
  `meta_value` longtext DEFAULT NULL,
  PRIMARY KEY (`meta_id`),
  KEY `term_id` (`term_id`),
  KEY `meta_key` (`meta_key`(191))
) ENGINE=MyISAM AUTO_INCREMENT=18 DEFAULT CHARSET=utf8;

--
-- Dumping data for table `wpql_termmeta`
--

INSERT INTO `wpql_termmeta` VALUES (1,18,'_astra_sites_imported_term','1'),(2,19,'order','0'),(3,19,'_astra_sites_imported_term','1'),(4,20,'order','0'),(5,20,'_astra_sites_imported_term','1'),(6,21,'_astra_sites_imported_term','1'),(7,22,'order','0'),(8,22,'_astra_sites_imported_term','1'),(9,23,'_astra_sites_imported_term','1'),(10,24,'_astra_sites_imported_term','1'),(11,25,'_astra_sites_imported_term','1'),(12,22,'product_count_product_cat','3'),(13,20,'product_count_product_cat','4'),(14,19,'product_count_product_cat','4'),(15,19,'thumbnail_id','591'),(16,20,'thumbnail_id','592'),(17,22,'thumbnail_id','593');

-- Dumped table `wpql_termmeta` with 17 row(s)
--

--
-- Table structure for table `wpql_posts`
--

CREATE TABLE `wpql_posts` (
  `ID` bigint(20) unsigned NOT NULL AUTO_INCREMENT,
  `post_author` bigint(20) unsigned NOT NULL DEFAULT 0,
  `post_date` datetime NOT NULL DEFAULT '0000-00-00 00:00:00',
  `post_date_gmt` datetime NOT NULL DEFAULT '0000-00-00 00:00:00',
  `post_content` longtext NOT NULL,
  `post_title` text NOT NULL,
  `post_excerpt` text NOT NULL,
  `post_status` varchar(20) NOT NULL DEFAULT 'publish',
  `comment_status` varchar(20) NOT NULL DEFAULT 'open',
  `ping_status` varchar(20) NOT NULL DEFAULT 'open',
  `post_password` varchar(255) NOT NULL DEFAULT '',
  `post_name` varchar(200) NOT NULL DEFAULT '',
  `to_ping` text NOT NULL,
  `pinged` text NOT NULL,
  `post_modified` datetime NOT NULL DEFAULT '0000-00-00 00:00:00',
  `post_modified_gmt` datetime NOT NULL DEFAULT '0000-00-00 00:00:00',
  `post_content_filtered` longtext NOT NULL,
  `post_parent` bigint(20) unsigned NOT NULL DEFAULT 0,
  `guid` varchar(255) NOT NULL DEFAULT '',
  `menu_order` int(11) NOT NULL DEFAULT 0,
  `post_type` varchar(20) NOT NULL DEFAULT 'post',
  `post_mime_type` varchar(100) NOT NULL DEFAULT '',
  `comment_count` bigint(20) NOT NULL DEFAULT 0,
  PRIMARY KEY (`ID`),
  KEY `post_name` (`post_name`(191)),
  KEY `type_status_date` (`post_type`,`post_status`,`post_date`,`ID`),
  KEY `post_parent` (`post_parent`),
  KEY `post_author` (`post_author`)
) ENGINE=MyISAM AUTO_INCREMENT=635 DEFAULT CHARSET=utf8;

--
-- Dumping data for table `wpql_posts`
--

INSERT INTO `wpql_posts` VALUES (1,1,'2019-07-06 04:23:32','2019-07-06 04:23:32','<!-- wp:paragraph -->\n<p>Welcome to WordPress. This is your first post. Edit or delete it, then start writing!</p>\n<!-- /wp:paragraph -->','Hello world!','','publish','open','open','','hello-world','','','2019-07-06 04:23:32','2019-07-06 04:23:32','',0,'https://quirkyaprons.com/?p=1',0,'post','',0),(53,1,'2017-04-13 11:30:26','2017-04-13 11:30:26','Mauris blandit aliquet elit, eget tincidunt nibh pulvinar a. Donec sollicitudin molestie malesuada. Curabitur arcu erat, accumsan id imperdiet et, porttitor at sem. Donec sollicitudin molestie malesuada. Cras ultricies ligula sed magna dictum porta. Quisque velit nisi, pretium ut lacinia in, elementum id enim. Donec rutrum congue leo eget malesuada. Cras ultricies ligula sed magna dictum porta. Quisque volutpat mattis am. Nullam malesuada erat ut turpis. Suspendisse urna nibh, nean dignissim felis. Lorem ipsum dolor sit amet, consectetuer adipiscing donec odio.','Tales of the Past','Quisque volutpat mattis am. Nullam malesuada erat ut turpis. Suspendisse urna nibh, nean dignissim felis. Lorem ipsum dolor sit amet, consectetuer adipiscing donec odio.\r\n<ul>\r\n 	<li>Cras ultricies</li>\r\n 	<li>Magna dictum porta. Quisque velit nisi</li>\r\n 	<li>Pretium ut lacinia in, elementum id enim.</li>\r\n 	<li>Donec rutrum congue leo eget malesuada.</li>\r\n 	<li>Ligula sed magna dictum porta</li>\r\n</ul>','publish','open','closed','','waterfall','','','2021-07-07 01:36:12','2021-07-07 01:36:12','',0,'https://websitedemos.net/artist-02/?post_type=product&amp;p=33',0,'product','',0),(6,1,'2019-07-24 04:52:06','2019-07-24 04:52:06','','Espresso','','inherit','open','closed','','espresso','','','2019-07-24 04:52:06','2019-07-24 04:52:06','',0,'https://quirkyaprons.com/wp-content/uploads/2019/07/espresso.jpg',0,'attachment','image/jpeg',0),(7,1,'2019-07-24 04:52:06','2019-07-24 04:52:06','','Sandwich','','inherit','open','closed','','sandwich','','','2019-07-24 04:52:06','2019-07-24 04:52:06','',0,'https://quirkyaprons.com/wp-content/uploads/2019/07/sandwich.jpg',0,'attachment','image/jpeg',0),(8,1,'2019-07-24 04:52:06','2019-07-24 04:52:06','','Coffee','','inherit','open','closed','','coffee','','','2019-07-24 04:52:06','2019-07-24 04:52:06','',0,'https://quirkyaprons.com/wp-content/uploads/2019/07/coffee.jpg',0,'attachment','image/jpeg',0),(9,1,'2019-07-24 04:52:06','2019-07-24 04:52:06','<img width=\"525\" height=\"131\" src=\"https://quirkyaprons.com/wp-content/uploads/2020/01/Quirky-Aprons-Etsy-Store-1024x256.png\" alt=\"Quirky Aprons\" srcset=\"https://quirkyaprons.com/wp-content/uploads/2020/01/Quirky-Aprons-Etsy-Store-1024x256.png 1024w, https://quirkyaprons.com/wp-content/uploads/2020/01/Quirky-Aprons-Etsy-Store-300x75.png 300w, https://quirkyaprons.com/wp-content/uploads/2020/01/Quirky-Aprons-Etsy-Store-768x192.png 768w, https://quirkyaprons.com/wp-content/uploads/2020/01/Quirky-Aprons-Etsy-Store-1536x384.png 1536w, https://quirkyaprons.com/wp-content/uploads/2020/01/Quirky-Aprons-Etsy-Store-2048x512.png 2048w\" sizes=\"100vw\">','Home','','publish','closed','closed','','home','','','2020-02-29 03:33:00','2020-02-29 03:33:00','',0,'https://quirkyaprons.com/?page_id=9',0,'page','',0),(12,1,'2017-12-13 08:38:46','2017-12-13 08:38:46','<h1>Contact Me</h1>		\n			<iframe frameborder=\"0\" scrolling=\"no\" marginheight=\"0\" marginwidth=\"0\" src=\"https://maps.google.com/maps?q=34%20Ann%20Street%2C%20New%20York%2C%20NY%2010038%2C%20USA&amp;t=m&amp;z=15&amp;output=embed&amp;iwloc=near\" aria-label=\"34 Ann Street, New York, NY 10038, USA\"></iframe>		\n			<h4>34 Ann Street, New York, NY 10038, USA</h4>		\n			<h4>reach@example.com</h4>		\n			<h3>Explore Categories</h3>		\n		[product_categories columns=\"3\"]','Contact','','publish','closed','closed','','contact','','','2017-12-13 08:38:46','2017-12-13 08:38:46','',0,'https://websitedemos.net/artist-02/?page_id=12',0,'page','',0),(51,1,'2017-12-13 08:40:35','2017-12-13 08:40:35',' ','','','publish','closed','closed','','16','','','2017-12-13 08:40:35','2017-12-13 08:40:35','',0,'https://websitedemos.net/artist-02/2017/12/13/16/',5,'nav_menu_item','',0),(15,1,'2019-07-24 04:50:28','2019-07-24 04:50:28','Quirky Aprons Just for You.','Quirky Aprons','Something old something new.','inherit','open','closed','','postcard-slideshow','','','2019-07-24 04:51:47','2019-07-24 04:51:47','',0,'https://quirkyaprons.com/wp-content/uploads/2019/07/Postcard-slideshow.mp4',0,'attachment','video/mp4',0),(16,1,'2019-07-24 04:52:06','2019-07-24 04:52:06','Welcome to your site! This is your homepage, which is what most visitors will see when they come to your site for the first time.','Home','','inherit','closed','closed','','9-revision-v1','','','2019-07-24 04:52:06','2019-07-24 04:52:06','',9,'https://quirkyaprons.com/2019/07/24/9-revision-v1/',0,'revision','',0),(52,1,'2017-02-13 11:14:20','2017-02-13 11:14:20','Mauris blandit aliquet elit, eget tincidunt nibh pulvinar a. Donec sollicitudin molestie malesuada. Curabitur arcu erat, accumsan id imperdiet et, porttitor at sem. Donec sollicitudin molestie malesuada. Cras ultricies ligula sed magna dictum porta. Quisque velit nisi, pretium ut lacinia in, elementum id enim. Donec rutrum congue leo eget malesuada. Cras ultricies ligula sed magna dictum porta. Quisque volutpat mattis am. Nullam malesuada erat ut turpis. Suspendisse urna nibh, nean dignissim felis. Lorem ipsum dolor sit amet, consectetuer adipiscing donec odio.','Yosemite Valley','Quisque volutpat mattis am. Nullam malesuada erat ut turpis. Suspendisse urna nibh, nean dignissim felis. Lorem ipsum dolor sit amet, consectetuer adipiscing donec odio.\r\n<ul>\r\n 	<li>Cras ultricies</li>\r\n 	<li>Magna dictum porta. Quisque velit nisi</li>\r\n 	<li>Pretium ut lacinia in, elementum id enim.</li>\r\n 	<li>Donec rutrum congue leo eget malesuada.</li>\r\n 	<li>Ligula sed magna dictum porta</li>\r\n</ul>','publish','open','closed','','eiffel-tower','','','2017-02-13 11:14:20','2017-02-13 11:14:20','',0,'https://websitedemos.net/artist-02/?post_type=product&amp;p=25',0,'product','',0),(21,1,'2019-07-24 04:52:06','2019-07-24 04:52:06','','Home','','publish','closed','closed','','home','','','2019-07-24 04:52:06','2019-07-24 04:52:06','',0,'https://quirkyaprons.com/2019/07/24/home/',0,'nav_menu_item','',0),(18,1,'2017-12-13 08:40:36','2017-12-13 08:40:36',' ','','','publish','closed','closed','','18','','','2017-12-13 08:40:36','2017-12-13 08:40:36','',0,'https://websitedemos.net/artist-02/2017/12/13/18/',1,'nav_menu_item','',0),(24,1,'2017-12-13 09:37:27','2017-12-13 09:37:27','','signature','','inherit','open','closed','','signature-free-img','','','2017-12-13 09:37:27','2017-12-13 09:37:27','',0,'https://websitedemos.net/artist-02/wp-content/uploads/sites/148/2017/12/signature-free-img.png',0,'attachment','image/png',0),(25,1,'2019-07-24 04:52:06','2019-07-24 04:52:06','','Yelp','','publish','closed','closed','','yelp','','','2019-07-24 04:52:06','2019-07-24 04:52:06','',0,'https://quirkyaprons.com/2019/07/24/yelp/',0,'nav_menu_item','',0),(26,1,'2019-07-24 04:52:06','2019-07-24 04:52:06','','Facebook','','publish','closed','closed','','facebook','','','2019-07-24 04:52:06','2019-07-24 04:52:06','',0,'https://quirkyaprons.com/2019/07/24/facebook/',1,'nav_menu_item','',0),(27,1,'2019-07-24 04:52:06','2019-07-24 04:52:06','','Twitter','','publish','closed','closed','','twitter','','','2019-07-24 04:52:06','2019-07-24 04:52:06','',0,'https://quirkyaprons.com/2019/07/24/twitter/',2,'nav_menu_item','',0),(28,1,'2019-07-24 04:52:06','2019-07-24 04:52:06','','Instagram','','publish','closed','closed','','instagram','','','2019-07-24 04:52:06','2019-07-24 04:52:06','',0,'https://quirkyaprons.com/2019/07/24/instagram/',3,'nav_menu_item','',0),(29,1,'2019-07-24 04:52:06','2019-07-24 04:52:06','','Email','','publish','closed','closed','','email','','','2019-07-24 04:52:06','2019-07-24 04:52:06','',0,'https://quirkyaprons.com/2019/07/24/email/',4,'nav_menu_item','',0),(45,0,'2020-02-27 21:37:47','2020-02-27 21:37:47','','Default Kit','','publish','closed','closed','','default-kit','','','2020-02-27 21:37:47','2020-02-27 21:37:47','',0,'https://quirkyaprons.com/?elementor_library=default-kit',0,'elementor_library','',0),(46,1,'2020-02-28 01:16:28','2020-02-28 01:16:28','','woocommerce-placeholder','','inherit','open','closed','','woocommerce-placeholder','','','2020-02-28 01:16:28','2020-02-28 01:16:28','',0,'https://quirkyaprons.com/wp-content/uploads/2020/02/woocommerce-placeholder.png',0,'attachment','image/png',0),(47,1,'2020-02-28 01:16:52','2020-02-28 01:16:52','','artist-logo@2x-free-img','','inherit','open','closed','','artist-logo2x-free-img','','','2020-02-28 01:16:52','2020-02-28 01:16:52','',0,'https://quirkyaprons.com/wp-content/uploads/2020/02/artist-logo@2x-free-img.png',0,'attachment','image/png',0),(48,1,'2020-02-28 01:16:52','2020-02-28 01:16:52','/*Give box shadow to category and product thumbnails*/\n .product .wp-post-image, .woocommerce-product-gallery__image, .product-category img {\n     box-shadow:10px 10px 50px rgba(67, 67, 67,0.25) !important;\n}\n #gMap \n/*Give box shadow and grayscale to Google Map*/\n {\n     filter: grayscale(100%) brightness(101%) contrast(120%);\n     box-shadow:1.25rem 1.375rem 4.75rem 0rem rgba(0,0,0,0.22);\n}\n/*WooCommerce Page Heading style (Not for Desktop)*/\n .woocommerce-products-header h1 {\n     font-size: 3em !important;\n     line-height:1.4em;\n     margin-bottom:20px;\n     color: #000c30;\n}\n','quirky-aprons','','publish','closed','closed','','quirky-aprons','','','2020-02-28 01:16:52','2020-02-28 01:16:52','',0,'https://quirkyaprons.com/2020/02/28/quirky-aprons/',0,'custom_css','',0),(49,1,'2020-02-28 01:16:52','2020-02-28 01:16:52','/*Give box shadow to category and product thumbnails*/\n .product .wp-post-image, .woocommerce-product-gallery__image, .product-category img {\n     box-shadow:10px 10px 50px rgba(67, 67, 67,0.25) !important;\n}\n #gMap \n/*Give box shadow and grayscale to Google Map*/\n {\n     filter: grayscale(100%) brightness(101%) contrast(120%);\n     box-shadow:1.25rem 1.375rem 4.75rem 0rem rgba(0,0,0,0.22);\n}\n/*WooCommerce Page Heading style (Not for Desktop)*/\n .woocommerce-products-header h1 {\n     font-size: 3em !important;\n     line-height:1.4em;\n     margin-bottom:20px;\n     color: #000c30;\n}\n','quirky-aprons','','inherit','closed','closed','','48-revision-v1','','','2020-02-28 01:16:52','2020-02-28 01:16:52','',48,'https://quirkyaprons.com/2020/02/28/48-revision-v1/',0,'revision','',0),(50,1,'2017-12-13 08:37:41','2017-12-13 08:37:41','<img width=\"1000\" height=\"667\" src=\"https://quirkyaprons.com/wp-content/uploads/2020/02/Quirky-Aprons-Website-Cover-.png\" alt=\"\" srcset=\"https://quirkyaprons.com/wp-content/uploads/2020/02/Quirky-Aprons-Website-Cover-.png 1000w, https://quirkyaprons.com/wp-content/uploads/2020/02/Quirky-Aprons-Website-Cover--600x400.png 600w, https://quirkyaprons.com/wp-content/uploads/2020/02/Quirky-Aprons-Website-Cover--300x200.png 300w, https://quirkyaprons.com/wp-content/uploads/2020/02/Quirky-Aprons-Website-Cover--768x512.png 768w\" sizes=\"(max-width: 1000px) 100vw, 1000px\" />											\n			<h1>Quirky Aprons</h1>		\n			<h2>Aprons Inspire Me...</h2>		\n		<p>Mauris blandit aliquet elit, eget tincidunt nibh pulvinar a. Donec sollicitudin molestie malesuada. Curabitur arcu erat, accumsan id imperdiet et, porttitor at sem. Donec sollicitudin molestie malesuada. Cras ultricies ligula sed magna dictum porta. Quisque velit nisi, pretium ut lacinia in, elementum id enim. Donec rutrum congue leo eget malesuada. Cras ultricies ligula sed magna dictum porta. </p>		\n			<a href=\"#\" role=\"button\">\n						Discover Collection\n					</a>\n			<h2>Welcome To My Website</h2>		\n		<p>Mauris blandit aliquet elit, eget tincidunt nibh pulvinar a. Donec sollicitudin molestie malesuada. Curabitur arcu erat, accumsan id imperdiet et, porttitor at sem. Donec sollicitudin molestie malesuada. Cras ultricies ligula sed magna dictum porta. Quisque velit nisi, pretium ut lacinia in, elementum id enim. Donec rutrum congue leo eget malesuada. Cras ultricies ligula sed magna dictum porta. </p>		\n			<h2>Explore My Paintings</h2>		\n		<p>Curabitur arcu erat, accumsan id imperdiet et, porttitor at sem. </p>[featured_products columns=\"3\"]		\n			<h3>Categories</h3>		\n		<p>Accumsan id imperdiet et, porttitor at sem. </p>[product_categories columns=\"3\"]		\n			<a href=\"#\" role=\"button\">\n						Discover Collection\n					</a>','Home','','publish','closed','closed','','home-2','','','2020-02-29 04:36:59','2020-02-29 04:36:59','',0,'https://websitedemos.net/artist-02/?page_id=9',0,'page','',0),(601,1,'2020-02-28 02:32:17','2020-02-28 02:32:17','<img width=\"1000\" height=\"667\" src=\"https://quirkyaprons.com/wp-content/uploads/2020/01/freelance-artist-home-banner.jpg\" alt=\"\" srcset=\"https://quirkyaprons.com/wp-content/uploads/2020/01/freelance-artist-home-banner.jpg 1000w, https://quirkyaprons.com/wp-content/uploads/2020/01/freelance-artist-home-banner-300x200.jpg 300w, https://quirkyaprons.com/wp-content/uploads/2020/01/freelance-artist-home-banner-768x512.jpg 768w, https://quirkyaprons.com/wp-content/uploads/2020/01/freelance-artist-home-banner-600x400.jpg 600w\" sizes=\"(max-width: 1000px) 100vw, 1000px\" />											\n			<h1>Karen Drysdale</h1>		\n			<h2>Colors And Shapes Inspire Me...</h2>		\n		<p>Mauris blandit aliquet elit, eget tincidunt nibh pulvinar a. Donec sollicitudin molestie malesuada. Curabitur arcu erat, accumsan id imperdiet et, porttitor at sem. Donec sollicitudin molestie malesuada. Cras ultricies ligula sed magna dictum porta. Quisque velit nisi, pretium ut lacinia in, elementum id enim. Donec rutrum congue leo eget malesuada. Cras ultricies ligula sed magna dictum porta. </p>		\n			<a href=\"#\" role=\"button\">\n						Discover Collection\n					</a>\n			<h2>Welcome To My Website</h2>		\n		<p>Mauris blandit aliquet elit, eget tincidunt nibh pulvinar a. Donec sollicitudin molestie malesuada. Curabitur arcu erat, accumsan id imperdiet et, porttitor at sem. Donec sollicitudin molestie malesuada. Cras ultricies ligula sed magna dictum porta. Quisque velit nisi, pretium ut lacinia in, elementum id enim. Donec rutrum congue leo eget malesuada. Cras ultricies ligula sed magna dictum porta. </p>		\n			<h2>Explore My Paintings</h2>		\n		<p>Curabitur arcu erat, accumsan id imperdiet et, porttitor at sem. </p>[featured_products columns=\"3\"]		\n			<h3>Categories</h3>		\n		<p>Accumsan id imperdiet et, porttitor at sem. </p>[product_categories columns=\"3\"]		\n			<a href=\"#\" role=\"button\">\n						Discover Collection\n					</a>','Home','','inherit','closed','closed','','50-revision-v1','','','2020-02-28 02:32:17','2020-02-28 02:32:17','',50,'https://quirkyaprons.com/2020/02/28/50-revision-v1/',0,'revision','',0),(10,1,'2017-12-13 08:37:50','2017-12-13 08:37:50','<img width=\"748\" height=\"1024\" src=\"https://websitedemos.net/artist-02/wp-content/uploads/sites/148/2020/01/freelance-artist-about-748x1024.jpg\" alt=\"\" srcset=\"https://websitedemos.net/artist-02/wp-content/uploads/sites/148/2020/01/freelance-artist-about-748x1024.jpg 748w, https://websitedemos.net/artist-02/wp-content/uploads/sites/148/2020/01/freelance-artist-about-219x300.jpg 219w, https://websitedemos.net/artist-02/wp-content/uploads/sites/148/2020/01/freelance-artist-about-768x1051.jpg 768w, https://websitedemos.net/artist-02/wp-content/uploads/sites/148/2020/01/freelance-artist-about-600x821.jpg 600w, https://websitedemos.net/artist-02/wp-content/uploads/sites/148/2020/01/freelance-artist-about-400x548.jpg 400w, https://websitedemos.net/artist-02/wp-content/uploads/sites/148/2020/01/freelance-artist-about.jpg 800w\" sizes=\"(max-width: 748px) 100vw, 748px\" />											\n		<p>Curabitur arcu erat, accumsan id imperdiet et, porttitor at sem.</p>		\n			<h1>About Me</h1>		\n		<p>Cras ultricies ligula sed magna dictum porta. Quisque velit nisi, pretium ut lacinia in, elementum id enim. Donec rutrum congue leo eget malesuada. Cras ultricies ligula sed magna dictum porta. </p><p>Mauris blandit aliquet elit, eget tincidunt nibh pulvinar a. Donec sollicitudin molestie malesuada. Curabitur arcu erat, accumsan id imperdiet et, porttitor at sem. Donec sollicitudin molestie malesuada. Cras ultricies ligula sed magna dictum porta. Quisque velit nisi, pretium ut lacinia in, elementum id enim. Donec rutrum congue leo eget malesuada. Cras ultricies ligula sed magna dictum porta. </p><p>Donec sollicitudin molestie malesuada. Curabitur arcu erat, accumsan id imperdiet et, porttitor at sem. Donec sollicitudin molestie malesuada. Cras ultricies ligula sed magna dictum porta. Quisque velit nisi, pretium ut lacinia in, elementum id enim. Donec rutrum congue leo eget malesuada. Cras ultricies ligula sed magna dictum porta.  Mauris blandit aliquet elit, eget tincidunt nibh pulvinar. </p><p>Cras ultricies ligula sed magna dictum porta. Quisque velit nisi, pretium ut lacinia in, elementum id enim. Donec rutrum congue leo eget malesuada. Cras ultricies ligula sed magna dictum porta.  Mauris blandit aliquet elit, eget tincidunt nibh pulvinar. </p><p>Mauris blandit aliquet elit, eget tincidunt nibh pulvinar a. Donec sollicitudin molestie malesuada.</p>		\n				<a href=\"https://websitedemos.net/artist-02/wp-content/uploads/sites/148/2017/02/freelance-artist-scenary-3.jpg\" data-elementor-open-lightbox=\"default\" data-elementor-lightbox-slideshow=\"7b97413\" data-elementor-lightbox-index=\"0\"><figure><img src=\"https://websitedemos.net/artist-02/wp-content/uploads/sites/148/2017/02/freelance-artist-scenary-3-600x600.jpg\" alt=\"freelance-artist-scenary-3\" /></figure></a><a href=\"https://websitedemos.net/artist-02/wp-content/uploads/sites/148/2017/04/freelance-artist-scenary-2.jpg\" data-elementor-open-lightbox=\"default\" data-elementor-lightbox-slideshow=\"7b97413\" data-elementor-lightbox-index=\"1\"><figure><img src=\"https://websitedemos.net/artist-02/wp-content/uploads/sites/148/2017/04/freelance-artist-scenary-2-600x600.jpg\" alt=\"freelance-artist-scenary-2\" /></figure></a><a href=\"https://websitedemos.net/artist-02/wp-content/uploads/sites/148/2017/09/freelance-artist-scenary-1.jpg\" data-elementor-open-lightbox=\"default\" data-elementor-lightbox-slideshow=\"7b97413\" data-elementor-lightbox-index=\"2\"><figure><img src=\"https://websitedemos.net/artist-02/wp-content/uploads/sites/148/2017/09/freelance-artist-scenary-1-600x600.jpg\" alt=\"freelance-artist-scenary-1\" /></figure></a><a href=\"https://websitedemos.net/artist-02/wp-content/uploads/sites/148/2016/09/freelance-artist-abstract-3.jpg\" data-elementor-open-lightbox=\"default\" data-elementor-lightbox-slideshow=\"7b97413\" data-elementor-lightbox-index=\"3\"><figure><img src=\"https://websitedemos.net/artist-02/wp-content/uploads/sites/148/2016/09/freelance-artist-abstract-3-600x600.jpg\" alt=\"freelance-artist-abstract-3\" /></figure></a><a href=\"https://websitedemos.net/artist-02/wp-content/uploads/sites/148/2017/12/freelance-artist-abstract-2.jpg\" data-elementor-open-lightbox=\"default\" data-elementor-lightbox-slideshow=\"7b97413\" data-elementor-lightbox-index=\"4\"><figure><img src=\"https://websitedemos.net/artist-02/wp-content/uploads/sites/148/2017/12/freelance-artist-abstract-2-600x600.jpg\" alt=\"freelance-artist-abstract-2\" /></figure></a><a href=\"https://websitedemos.net/artist-02/wp-content/uploads/sites/148/2017/12/freelance-artist-abstract-1.jpg\" data-elementor-open-lightbox=\"default\" data-elementor-lightbox-slideshow=\"7b97413\" data-elementor-lightbox-index=\"5\"><figure><img src=\"https://websitedemos.net/artist-02/wp-content/uploads/sites/148/2017/12/freelance-artist-abstract-1-600x600.jpg\" alt=\"freelance-artist-abstract-1\" /></figure></a><a href=\"https://websitedemos.net/artist-02/wp-content/uploads/sites/148/2017/07/freelance-artist-floral-2.jpg\" data-elementor-open-lightbox=\"default\" data-elementor-lightbox-slideshow=\"7b97413\" data-elementor-lightbox-index=\"6\"><figure><img src=\"https://websitedemos.net/artist-02/wp-content/uploads/sites/148/2017/07/freelance-artist-floral-2-600x600.jpg\" alt=\"freelance-artist-floral-2\" /></figure></a><a href=\"https://websitedemos.net/artist-02/wp-content/uploads/sites/148/2017/12/freelance-artist-floral-1.jpg\" data-elementor-open-lightbox=\"default\" data-elementor-lightbox-slideshow=\"7b97413\" data-elementor-lightbox-index=\"7\"><figure><img src=\"https://websitedemos.net/artist-02/wp-content/uploads/sites/148/2017/12/freelance-artist-floral-1-600x600.jpg\" alt=\"freelance-artist-floral-1\" /></figure></a><a href=\"https://websitedemos.net/artist-02/wp-content/uploads/sites/148/2017/12/freelance-artist-floral-3.jpg\" data-elementor-open-lightbox=\"default\" data-elementor-lightbox-slideshow=\"7b97413\" data-elementor-lightbox-index=\"8\"><figure><img src=\"https://websitedemos.net/artist-02/wp-content/uploads/sites/148/2017/12/freelance-artist-floral-3-600x600.jpg\" alt=\"freelance-artist-floral-3\" /></figure></a><a href=\"https://websitedemos.net/artist-02/wp-content/uploads/sites/148/2017/12/freelance-artist-floral-4.jpg\" data-elementor-open-lightbox=\"default\" data-elementor-lightbox-slideshow=\"7b97413\" data-elementor-lightbox-index=\"9\"><figure><img src=\"https://websitedemos.net/artist-02/wp-content/uploads/sites/148/2017/12/freelance-artist-floral-4-600x600.jpg\" alt=\"freelance-artist-floral-4\" /></figure></a>			\n			<h2>Certificates</h2>		\n											<a data-elementor-open-lightbox=\"default\" href=\"https://websitedemos.net/artist-02/wp-content/uploads/sites/148/2020/01/certificate-02.jpg\">\n							<img width=\"450\" height=\"321\" src=\"https://websitedemos.net/artist-02/wp-content/uploads/sites/148/2020/01/certificate-02.jpg\" alt=\"\" srcset=\"https://websitedemos.net/artist-02/wp-content/uploads/sites/148/2020/01/certificate-02.jpg 450w, https://websitedemos.net/artist-02/wp-content/uploads/sites/148/2020/01/certificate-02-300x214.jpg 300w, https://websitedemos.net/artist-02/wp-content/uploads/sites/148/2020/01/certificate-02-400x285.jpg 400w\" sizes=\"(max-width: 450px) 100vw, 450px\" />								</a>\n											<a data-elementor-open-lightbox=\"default\" href=\"https://websitedemos.net/artist-02/wp-content/uploads/sites/148/2020/01/certificate-05.jpg\">\n							<img width=\"450\" height=\"338\" src=\"https://websitedemos.net/artist-02/wp-content/uploads/sites/148/2020/01/certificate-05.jpg\" alt=\"\" srcset=\"https://websitedemos.net/artist-02/wp-content/uploads/sites/148/2020/01/certificate-05.jpg 450w, https://websitedemos.net/artist-02/wp-content/uploads/sites/148/2020/01/certificate-05-300x225.jpg 300w, https://websitedemos.net/artist-02/wp-content/uploads/sites/148/2020/01/certificate-05-400x300.jpg 400w\" sizes=\"(max-width: 450px) 100vw, 450px\" />								</a>\n											<a data-elementor-open-lightbox=\"default\" href=\"https://websitedemos.net/artist-02/wp-content/uploads/sites/148/2020/01/certificate-03.jpg\">\n							<img width=\"450\" height=\"324\" src=\"https://websitedemos.net/artist-02/wp-content/uploads/sites/148/2020/01/certificate-03.jpg\" alt=\"\" srcset=\"https://websitedemos.net/artist-02/wp-content/uploads/sites/148/2020/01/certificate-03.jpg 450w, https://websitedemos.net/artist-02/wp-content/uploads/sites/148/2020/01/certificate-03-300x216.jpg 300w, https://websitedemos.net/artist-02/wp-content/uploads/sites/148/2020/01/certificate-03-400x288.jpg 400w\" sizes=\"(max-width: 450px) 100vw, 450px\" />								</a>','About Me','','publish','closed','closed','','about-me','','','2017-12-13 08:37:50','2017-12-13 08:37:50','',0,'https://websitedemos.net/artist-02/?page_id=10',0,'page','',0),(33,1,'2020-01-13 00:32:27','2020-01-13 00:32:27','','Quirky Aprons','','inherit','open','closed','','quirky-aprons-etsy-store','','','2020-01-13 00:32:58','2020-01-13 00:32:58','',9,'https://quirkyaprons.com/wp-content/uploads/2020/01/Quirky-Aprons-Etsy-Store.png',0,'attachment','image/png',0),(34,1,'2020-01-13 00:33:28','2020-01-13 00:33:28','Welcome to your site! This is your homepage, which is what most visitors will see when they come to your site for the first time.','Home','','inherit','closed','closed','','9-revision-v1','','','2020-01-13 00:33:28','2020-01-13 00:33:28','',9,'https://quirkyaprons.com/2020/01/13/9-revision-v1/',0,'revision','',0),(37,1,'2020-01-13 00:35:48','2020-01-13 00:35:48','<img width=\"525\" height=\"131\" src=\"https://quirkyaprons.com/wp-content/uploads/2020/01/Quirky-Aprons-Etsy-Store-1024x256.png\" alt=\"Quirky Aprons\" srcset=\"https://quirkyaprons.com/wp-content/uploads/2020/01/Quirky-Aprons-Etsy-Store-1024x256.png 1024w, https://quirkyaprons.com/wp-content/uploads/2020/01/Quirky-Aprons-Etsy-Store-300x75.png 300w, https://quirkyaprons.com/wp-content/uploads/2020/01/Quirky-Aprons-Etsy-Store-768x192.png 768w, https://quirkyaprons.com/wp-content/uploads/2020/01/Quirky-Aprons-Etsy-Store-1536x384.png 1536w, https://quirkyaprons.com/wp-content/uploads/2020/01/Quirky-Aprons-Etsy-Store-2048x512.png 2048w\" sizes=\"100vw\" />','Home','','inherit','closed','closed','','9-revision-v1','','','2020-01-13 00:35:48','2020-01-13 00:35:48','',9,'https://quirkyaprons.com/2020/01/13/9-revision-v1/',0,'revision','',0),(54,1,'2017-12-13 11:40:34','2017-12-13 11:40:34','Mauris blandit aliquet elit, eget tincidunt nibh pulvinar a. Donec sollicitudin molestie malesuada. Curabitur arcu erat, accumsan id imperdiet et, porttitor at sem. Donec sollicitudin molestie malesuada. Cras ultricies ligula sed magna dictum porta. Quisque velit nisi, pretium ut lacinia in, elementum id enim. Donec rutrum congue leo eget malesuada. Cras ultricies ligula sed magna dictum porta. Quisque volutpat mattis am. Nullam malesuada erat ut turpis. Suspendisse urna nibh, nean dignissim felis. Lorem ipsum dolor sit amet, consectetuer adipiscing donec odio.','Purple Flowers','Quisque volutpat mattis am. Nullam malesuada erat ut turpis. Suspendisse urna nibh, nean dignissim felis. Lorem ipsum dolor sit amet, consectetuer adipiscing donec odio.\r\n<ul>\r\n 	<li>Cras ultricies</li>\r\n 	<li>Magna dictum porta. Quisque velit nisi</li>\r\n 	<li>Pretium ut lacinia in, elementum id enim.</li>\r\n 	<li>Donec rutrum congue leo eget malesuada.</li>\r\n 	<li>Ligula sed magna dictum porta</li>\r\n</ul>','publish','open','closed','','red-flowers','','','2021-07-07 01:35:23','2021-07-07 01:35:23','',0,'https://websitedemos.net/artist-02/?post_type=product&amp;p=34',0,'product','',0),(38,1,'2017-12-13 11:51:14','2017-12-13 11:51:14','Mauris blandit aliquet elit, eget tincidunt nibh pulvinar a. Donec sollicitudin molestie malesuada. Curabitur arcu erat, accumsan id imperdiet et, porttitor at sem. Donec sollicitudin molestie malesuada. Cras ultricies ligula sed magna dictum porta. Quisque velit nisi, pretium ut lacinia in, elementum id enim. Donec rutrum congue leo eget malesuada. Cras ultricies ligula sed magna dictum porta. Quisque volutpat mattis am. Nullam malesuada erat ut turpis. Suspendisse urna nibh, nean dignissim felis. Lorem ipsum dolor sit amet, consectetuer adipiscing donec odio.','Cedar Stories','Quisque volutpat mattis am. Nullam malesuada erat ut turpis. Suspendisse urna nibh, nean dignissim felis. Lorem ipsum dolor sit amet, consectetuer adipiscing donec odio.\r\n<ul>\r\n 	<li>Cras ultricies</li>\r\n 	<li>Magna dictum porta. Quisque velit nisi</li>\r\n 	<li>Pretium ut lacinia in, elementum id enim.</li>\r\n 	<li>Donec rutrum congue leo eget malesuada.</li>\r\n 	<li>Ligula sed magna dictum porta</li>\r\n</ul>','publish','open','closed','','orange-flowers','','','2022-01-17 00:47:20','2022-01-17 00:47:20','',0,'https://websitedemos.net/artist-02/?post_type=product&amp;p=38',0,'product','',0),(55,1,'2017-12-13 12:33:17','2017-12-13 12:33:17','Mauris blandit aliquet elit, eget tincidunt nibh pulvinar a. Donec sollicitudin molestie malesuada. Curabitur arcu erat, accumsan id imperdiet et, porttitor at sem. Donec sollicitudin molestie malesuada. Cras ultricies ligula sed magna dictum porta. Quisque velit nisi, pretium ut lacinia in, elementum id enim. Donec rutrum congue leo eget malesuada. Cras ultricies ligula sed magna dictum porta. Quisque volutpat mattis am. Nullam malesuada erat ut turpis. Suspendisse urna nibh, nean dignissim felis. Lorem ipsum dolor sit amet, consectetuer adipiscing donec odio.','Convergence','Quisque volutpat mattis am. Nullam malesuada erat ut turpis. Suspendisse urna nibh, nean dignissim felis. Lorem ipsum dolor sit amet, consectetuer adipiscing donec odio.\r\n<ul>\r\n 	<li>Cras ultricies</li>\r\n 	<li>Magna dictum porta. Quisque velit nisi</li>\r\n 	<li>Pretium ut lacinia in, elementum id enim.</li>\r\n 	<li>Donec rutrum congue leo eget malesuada.</li>\r\n 	<li>Ligula sed magna dictum porta</li>\r\n</ul>','publish','closed','closed','','bird-feather-closeup','','','2017-12-13 12:33:17','2017-12-13 12:33:17','',0,'https://websitedemos.net/artist-02/?post_type=product&amp;p=46',0,'product','',0),(56,1,'2017-12-13 12:37:12','2017-12-13 12:37:12','Mauris blandit aliquet elit, eget tincidunt nibh pulvinar a. Donec sollicitudin molestie malesuada. Curabitur arcu erat, accumsan id imperdiet et, porttitor at sem. Donec sollicitudin molestie malesuada. Cras ultricies ligula sed magna dictum porta. Quisque velit nisi, pretium ut lacinia in, elementum id enim. Donec rutrum congue leo eget malesuada. Cras ultricies ligula sed magna dictum porta. Quisque volutpat mattis am. Nullam malesuada erat ut turpis. Suspendisse urna nibh, nean dignissim felis. Lorem ipsum dolor sit amet, consectetuer adipiscing donec odio.','Bleed Blue','Quisque volutpat mattis am. Nullam malesuada erat ut turpis. Suspendisse urna nibh, nean dignissim felis. Lorem ipsum dolor sit amet, consectetuer adipiscing donec odio.\r\n<ul>\r\n 	<li>Cras ultricies</li>\r\n 	<li>Magna dictum porta. Quisque velit nisi</li>\r\n 	<li>Pretium ut lacinia in, elementum id enim.</li>\r\n 	<li>Donec rutrum congue leo eget malesuada.</li>\r\n 	<li>Ligula sed magna dictum porta</li>\r\n</ul>','publish','open','closed','','water-color-bleed','','','2021-07-07 01:35:42','2021-07-07 01:35:42','',0,'https://websitedemos.net/artist-02/?post_type=product&amp;p=47',0,'product','',0),(57,1,'2016-09-13 12:49:18','2016-09-13 12:49:18','Mauris blandit aliquet elit, eget tincidunt nibh pulvinar a. Donec sollicitudin molestie malesuada. Curabitur arcu erat, accumsan id imperdiet et, porttitor at sem. Donec sollicitudin molestie malesuada. Cras ultricies ligula sed magna dictum porta. Quisque velit nisi, pretium ut lacinia in, elementum id enim. Donec rutrum congue leo eget malesuada. Cras ultricies ligula sed magna dictum porta. Quisque volutpat mattis am. Nullam malesuada erat ut turpis. Suspendisse urna nibh, nean dignissim felis. Lorem ipsum dolor sit amet, consectetuer adipiscing donec odio.','Colorful Textures','Quisque volutpat mattis am. Nullam malesuada erat ut turpis. Suspendisse urna nibh, nean dignissim felis. Lorem ipsum dolor sit amet, consectetuer adipiscing donec odio.\r\n<ul>\r\n 	<li>Cras ultricies</li>\r\n 	<li>Magna dictum porta. Quisque velit nisi</li>\r\n 	<li>Pretium ut lacinia in, elementum id enim.</li>\r\n 	<li>Donec rutrum congue leo eget malesuada.</li>\r\n 	<li>Ligula sed magna dictum porta</li>\r\n</ul>','publish','open','closed','','colorful-textures','','','2016-09-13 12:49:18','2016-09-13 12:49:18','',0,'https://websitedemos.net/artist-02/?post_type=product&amp;p=49',0,'product','',0),(58,1,'2017-07-09 12:53:10','2017-07-09 12:53:10','Mauris blandit aliquet elit, eget tincidunt nibh pulvinar a. Donec sollicitudin molestie malesuada. Curabitur arcu erat, accumsan id imperdiet et, porttitor at sem. Donec sollicitudin molestie malesuada. Cras ultricies ligula sed magna dictum porta. Quisque velit nisi, pretium ut lacinia in, elementum id enim. Donec rutrum congue leo eget malesuada. Cras ultricies ligula sed magna dictum porta. Quisque volutpat mattis am. Nullam malesuada erat ut turpis. Suspendisse urna nibh, nean dignissim felis. Lorem ipsum dolor sit amet, consectetuer adipiscing donec odio.','Irises','Quisque volutpat mattis am. Nullam malesuada erat ut turpis. Suspendisse urna nibh, nean dignissim felis. Lorem ipsum dolor sit amet, consectetuer adipiscing donec odio.\r\n<ul>\r\n 	<li>Cras ultricies</li>\r\n 	<li>Magna dictum porta. Quisque velit nisi</li>\r\n 	<li>Pretium ut lacinia in, elementum id enim.</li>\r\n 	<li>Donec rutrum congue leo eget malesuada.</li>\r\n 	<li>Ligula sed magna dictum porta</li>\r\n</ul>','publish','open','closed','','flowers-and-birds','','','2017-07-09 12:53:10','2017-07-09 12:53:10','',0,'https://websitedemos.net/artist-02/?post_type=product&amp;p=50',0,'product','',0),(59,1,'2017-12-13 13:04:26','2017-12-13 13:04:26','[woocommerce_cart]','Cart','','publish','closed','closed','','cart','','','2020-02-28 01:17:18','2020-02-28 01:17:18','',0,'https://websitedemos.net/artist-02/cart/',0,'page','',0),(60,1,'2017-12-13 13:04:27','2017-12-13 13:04:27','[woocommerce_checkout]','Checkout','','publish','closed','closed','','checkout','','','2020-02-28 01:17:18','2020-02-28 01:17:18','',0,'https://websitedemos.net/artist-02/checkout/',0,'page','',0),(61,1,'2017-12-13 13:04:28','2017-12-13 13:04:28','[woocommerce_my_account]','My account','','publish','closed','closed','','my-account','','','2020-02-28 01:17:18','2020-02-28 01:17:18','',0,'https://websitedemos.net/artist-02/my-account/',0,'page','',0),(62,1,'2017-09-23 13:07:22','2017-09-23 13:07:22','Mauris blandit aliquet elit, eget tincidunt nibh pulvinar a. Donec sollicitudin molestie malesuada. Curabitur arcu erat, accumsan id imperdiet et, porttitor at sem. Donec sollicitudin molestie malesuada. Cras ultricies ligula sed magna dictum porta. Quisque velit nisi, pretium ut lacinia in, elementum id enim. Donec rutrum congue leo eget malesuada. Cras ultricies ligula sed magna dictum porta. Quisque volutpat mattis am. Nullam malesuada erat ut turpis. Suspendisse urna nibh, nean dignissim felis. Lorem ipsum dolor sit amet, consectetuer adipiscing donec odio.','Mount Sainte-Victoire','Quisque volutpat mattis am. Nullam malesuada erat ut turpis. Suspendisse urna nibh, nean dignissim felis. Lorem ipsum dolor sit amet, consectetuer adipiscing donec odio.\r\n<ul>\r\n 	<li>Cras ultricies</li>\r\n 	<li>Magna dictum porta. Quisque velit nisi</li>\r\n 	<li>Pretium ut lacinia in, elementum id enim.</li>\r\n 	<li>Donec rutrum congue leo eget malesuada.</li>\r\n 	<li>Ligula sed magna dictum porta</li>\r\n</ul>','publish','open','closed','','boatmans','','','2021-11-03 07:15:19','2021-11-03 07:15:19','',0,'https://websitedemos.net/artist-02/?post_type=product&amp;p=54',0,'product','',0),(68,1,'2017-12-15 06:16:58','2017-12-15 06:16:58','/*Give box shadow to category and product thumbnails*/\n .product .wp-post-image, .woocommerce-product-gallery__image, .product-category img {\n     box-shadow:10px 10px 50px rgba(67, 67, 67,0.25) !important;\n}\n #gMap \n/*Give box shadow and grayscale to Google Map*/\n {\n     filter: grayscale(100%) brightness(101%) contrast(120%);\n     box-shadow:1.25rem 1.375rem 4.75rem 0rem rgba(0,0,0,0.22);\n}\n/*WooCommerce Page Heading style (Not for Desktop)*/\n .woocommerce-products-header h1 {\n     font-size: 3em !important;\n     line-height:1.4em;\n     margin-bottom:20px;\n     color: #000c30;\n}\n','astra','','publish','closed','closed','','astra','','','2017-12-15 06:16:58','2017-12-15 06:16:58','',0,'https://websitedemos.net/artist-02/2017/12/15/astra/',0,'custom_css','',0),(96,1,'2017-12-15 11:59:47','2017-12-15 11:59:47','','Paintings','','publish','closed','closed','','shop','','','2020-02-28 04:50:21','2020-02-28 04:50:21','',0,'https://websitedemos.net/artist-02/?page_id=96',0,'page','',0),(132,1,'2017-12-19 13:21:46','2017-12-19 13:21:46',' ','','','publish','closed','closed','','132','','','2017-12-19 13:21:46','2017-12-19 13:21:46','',0,'https://websitedemos.net/artist-02/2017/12/19/132/',7,'nav_menu_item','',0),(145,1,'2017-12-20 08:45:03','2017-12-20 08:45:03',' ','','','publish','closed','closed','','145','','','2017-12-20 08:45:03','2017-12-20 08:45:03','',0,'https://websitedemos.net/artist-02/2017/12/20/145/',3,'nav_menu_item','',0),(146,1,'2017-12-20 08:45:03','2017-12-20 08:45:03',' ','','','publish','closed','closed','','146','','','2017-12-20 08:45:03','2017-12-20 08:45:03','',0,'https://websitedemos.net/artist-02/2017/12/20/146/',2,'nav_menu_item','',0),(147,1,'2017-12-20 08:45:04','2017-12-20 08:45:04',' ','','','publish','closed','closed','','147','','','2017-12-20 08:45:04','2017-12-20 08:45:04','',0,'https://websitedemos.net/artist-02/2017/12/20/147/',4,'nav_menu_item','',0),(149,1,'2017-12-20 12:23:39','2017-12-20 12:23:39','','artist-logo@2x-free-img','','inherit','open','closed','','artist-logo2x-free-img-2','','','2017-12-20 12:23:39','2017-12-20 12:23:39','',0,'https://websitedemos.net/artist-02/wp-content/uploads/sites/148/2017/12/artist-logo@2x-free-img.png',0,'attachment','image/png',0),(150,1,'2017-12-20 12:23:40','2017-12-20 12:23:40','','artist-logo-free-img','','inherit','open','closed','','artist-logo-free-img','','','2017-12-20 12:23:40','2017-12-20 12:23:40','',0,'https://websitedemos.net/artist-02/wp-content/uploads/sites/148/2017/12/artist-logo-free-img.png',0,'attachment','image/png',0),(151,1,'2017-12-20 12:23:41','2017-12-20 12:23:41','','favicon-free-img','','inherit','open','closed','','favicon-free-img','','','2017-12-20 12:23:41','2017-12-20 12:23:41','',0,'https://websitedemos.net/artist-02/wp-content/uploads/sites/148/2017/12/favicon-free-img.png',0,'attachment','image/png',0),(159,1,'2017-12-20 12:54:27','2017-12-20 12:54:27','Mauris blandit aliquet elit, eget tincidunt nibh pulvinar a. Donec sollicitudin molestie malesuada. Curabitur arcu erat, accumsan id imperdiet et, porttitor at sem. Donec sollicitudin molestie malesuada. Cras ultricies ligula sed magna dictum porta. Quisque velit nisi, pretium ut lacinia in, elementum id enim. Donec rutrum congue leo eget malesuada. Cras ultricies ligula sed magna dictum porta. Quisque volutpat mattis am. Nullam malesuada erat ut turpis. Suspendisse urna nibh, nean dignissim felis. Lorem ipsum dolor sit amet, consectetuer adipiscing donec odio.','Flower Bed','Quisque volutpat mattis am. Nullam malesuada erat ut turpis. Suspendisse urna nibh, nean dignissim felis. Lorem ipsum dolor sit amet, consectetuer adipiscing donec odio.\r\n<ul>\r\n 	<li>Cras ultricies</li>\r\n 	<li>Magna dictum porta. Quisque velit nisi</li>\r\n 	<li>Pretium ut lacinia in, elementum id enim.</li>\r\n 	<li>Donec rutrum congue leo eget malesuada.</li>\r\n 	<li>Ligula sed magna dictum porta</li>\r\n</ul>','publish','open','closed','','flower-bed','','','2020-02-29 03:47:58','2020-02-29 03:47:58','',0,'https://websitedemos.net/artist-02/?post_type=product&#038;p=159',0,'product','',0),(367,1,'2019-12-10 08:30:16','2019-12-10 08:30:16','<h2>Connect</h2>		\n							<a href=\"\">\n					Facebook\n									</a>\n							<a href=\"\">\n					Behance\n									</a>\n							<a href=\"\">\n					Twitter\n									</a>\n							<a href=\"\">\n					Instagram\n									</a>\n		Copyright © [hfe_current_year] [hfe_site_title] | Powered by [hfe_site_title]','Footer','','publish','closed','closed','','footer','','','2019-12-10 08:30:16','2019-12-10 08:30:16','',0,'https://websitedemos.net/artist-02/?post_type=elementor-hf&amp;p=367',0,'elementor-hf','',0),(623,1,'2020-03-01 09:11:59','2020-03-01 09:11:59','https://quirkyaprons.com/wp-content/uploads/2017/12/cropped-Quirky-Apron-Website.png','cropped-Quirky-Apron-Website.png','','inherit','open','closed','','cropped-quirky-apron-website-png','','','2020-03-01 09:11:59','2020-03-01 09:11:59','',0,'https://quirkyaprons.com/wp-content/uploads/2017/12/cropped-Quirky-Apron-Website.png',0,'attachment','image/png',0),(495,1,'2020-01-29 07:27:02','2020-01-29 07:27:02','','freelance-artist-home-banner','','inherit','open','closed','','freelance-artist-home-banner','','','2020-01-29 07:27:02','2020-01-29 07:27:02','',50,'https://websitedemos.net/artist-02/wp-content/uploads/sites/148/2020/01/freelance-artist-home-banner.jpg',0,'attachment','image/jpeg',0),(497,1,'2020-01-29 07:27:44','2020-01-29 07:27:44','','freelance-artist-about','','inherit','open','closed','','freelance-artist-about','','','2020-01-29 07:27:44','2020-01-29 07:27:44','',10,'https://websitedemos.net/artist-02/wp-content/uploads/sites/148/2020/01/freelance-artist-about.jpg',0,'attachment','image/jpeg',0),(499,1,'2020-01-29 07:29:46','2020-01-29 07:29:46','','freelance-artist-floral-4','','inherit','open','closed','','freelance-artist-floral-4','','','2020-01-29 07:29:46','2020-01-29 07:29:46','',159,'https://websitedemos.net/artist-02/wp-content/uploads/sites/148/2017/12/freelance-artist-floral-4.jpg',0,'attachment','image/jpeg',0),(501,1,'2020-01-29 07:31:22','2020-01-29 07:31:22','','freelance-artist-floral-3','','inherit','open','closed','','freelance-artist-floral-3','','','2020-01-29 07:31:22','2020-01-29 07:31:22','',38,'https://websitedemos.net/artist-02/wp-content/uploads/sites/148/2017/12/freelance-artist-floral-3.jpg',0,'attachment','image/jpeg',0),(503,1,'2020-01-29 07:31:58','2020-01-29 07:31:58','','freelance-artist-floral-1','','inherit','open','closed','','freelance-artist-floral-1','','','2020-01-29 07:31:58','2020-01-29 07:31:58','',54,'https://websitedemos.net/artist-02/wp-content/uploads/sites/148/2017/12/freelance-artist-floral-1.jpg',0,'attachment','image/jpeg',0),(505,1,'2020-01-29 07:33:04','2020-01-29 07:33:04','','freelance-artist-floral-2','','inherit','open','closed','','freelance-artist-floral-2','','','2020-01-29 07:33:04','2020-01-29 07:33:04','',58,'https://websitedemos.net/artist-02/wp-content/uploads/sites/148/2017/07/freelance-artist-floral-2.jpg',0,'attachment','image/jpeg',0),(507,1,'2020-01-29 07:33:46','2020-01-29 07:33:46','','freelance-artist-abstract-1','','inherit','open','closed','','freelance-artist-abstract-1','','','2020-01-29 07:33:46','2020-01-29 07:33:46','',56,'https://websitedemos.net/artist-02/wp-content/uploads/sites/148/2017/12/freelance-artist-abstract-1.jpg',0,'attachment','image/jpeg',0),(509,1,'2020-01-29 07:34:21','2020-01-29 07:34:21','','freelance-artist-abstract-2','','inherit','open','closed','','freelance-artist-abstract-2','','','2020-01-29 07:34:21','2020-01-29 07:34:21','',55,'https://websitedemos.net/artist-02/wp-content/uploads/sites/148/2017/12/freelance-artist-abstract-2.jpg',0,'attachment','image/jpeg',0),(511,1,'2020-01-29 08:07:34','2020-01-29 08:07:34','','freelance-artist-abstract-3','','inherit','open','closed','','freelance-artist-abstract-3','','','2020-01-29 08:07:34','2020-01-29 08:07:34','',57,'https://websitedemos.net/artist-02/wp-content/uploads/sites/148/2016/09/freelance-artist-abstract-3.jpg',0,'attachment','image/jpeg',0),(513,1,'2020-01-29 08:10:38','2020-01-29 08:10:38','','freelance-artist-scenary-1','','inherit','open','closed','','freelance-artist-scenary-1','','','2020-01-29 08:10:38','2020-01-29 08:10:38','',62,'https://websitedemos.net/artist-02/wp-content/uploads/sites/148/2017/09/freelance-artist-scenary-1.jpg',0,'attachment','image/jpeg',0),(515,1,'2020-01-29 08:22:39','2020-01-29 08:22:39','','freelance-artist-scenary-2','','inherit','open','closed','','freelance-artist-scenary-2','','','2020-01-29 08:22:39','2020-01-29 08:22:39','',53,'https://websitedemos.net/artist-02/wp-content/uploads/sites/148/2017/04/freelance-artist-scenary-2.jpg',0,'attachment','image/jpeg',0),(517,1,'2020-01-29 08:23:20','2020-01-29 08:23:20','','freelance-artist-scenary-3','','inherit','open','closed','','freelance-artist-scenary-3','','','2020-01-29 08:23:20','2020-01-29 08:23:20','',52,'https://websitedemos.net/artist-02/wp-content/uploads/sites/148/2017/02/freelance-artist-scenary-3.jpg',0,'attachment','image/jpeg',0),(534,1,'2020-01-29 12:34:17','2020-01-29 12:34:17','','certificate-02','','inherit','open','closed','','certificate-02','','','2020-01-29 12:34:17','2020-01-29 12:34:17','',10,'https://websitedemos.net/artist-02/wp-content/uploads/sites/148/2020/01/certificate-02.jpg',0,'attachment','image/jpeg',0),(537,1,'2020-01-29 12:43:53','2020-01-29 12:43:53','','certificate-03','','inherit','open','closed','','certificate-03','','','2020-01-29 12:43:53','2020-01-29 12:43:53','',10,'https://websitedemos.net/artist-02/wp-content/uploads/sites/148/2020/01/certificate-03.jpg',0,'attachment','image/jpeg',0),(542,1,'2020-01-29 12:55:35','2020-01-29 12:55:35','','certificate-05','','inherit','open','closed','','certificate-05','','','2020-01-29 12:55:35','2020-01-29 12:55:35','',10,'https://websitedemos.net/artist-02/wp-content/uploads/sites/148/2020/01/certificate-05.jpg',0,'attachment','image/jpeg',0),(586,1,'2020-02-17 04:46:33','2020-02-17 04:46:33','','Default Kit','','publish','closed','closed','','default-kit-2','','','2020-02-17 04:46:33','2020-02-17 04:46:33','',0,'https://websitedemos.net/artist-02/?elementor_library=default-kit',0,'elementor_library','',0),(589,1,'2020-02-19 06:24:59','2020-02-19 06:24:59','','artist-social-02','','inherit','open','closed','','artist-social-02','','','2020-02-19 06:24:59','2020-02-19 06:24:59','',0,'https://websitedemos.net/artist-02/wp-content/uploads/sites/148/2020/02/artist-social-02.jpg',0,'attachment','image/jpeg',0),(591,1,'2020-02-28 01:17:10','2020-02-28 01:17:10','','freelance-artist-abstract-3','','inherit','open','closed','','freelance-artist-abstract-3-2','','','2020-02-28 01:17:10','2020-02-28 01:17:10','',0,'https://quirkyaprons.com/wp-content/uploads/2020/02/freelance-artist-abstract-3.jpg',0,'attachment','image/jpeg',0),(592,1,'2020-02-28 01:17:12','2020-02-28 01:17:12','','freelance-artist-floral-2','','inherit','open','closed','','freelance-artist-floral-2-2','','','2020-02-28 01:17:12','2020-02-28 01:17:12','',0,'https://quirkyaprons.com/wp-content/uploads/2020/02/freelance-artist-floral-2.jpg',0,'attachment','image/jpeg',0),(593,1,'2020-02-28 01:17:13','2020-02-28 01:17:13','','freelance-artist-scenary-3','','inherit','open','closed','','freelance-artist-scenary-3-2','','','2020-02-28 01:17:13','2020-02-28 01:17:13','',0,'https://quirkyaprons.com/wp-content/uploads/2020/02/freelance-artist-scenary-3.jpg',0,'attachment','image/jpeg',0),(594,1,'2020-02-28 01:17:14','2020-02-28 01:17:14','','artist-logo-free-img','','inherit','open','closed','','artist-logo-free-img-2','','','2020-02-28 01:17:14','2020-02-28 01:17:14','',0,'https://quirkyaprons.com/wp-content/uploads/2020/02/artist-logo-free-img.png',0,'attachment','image/png',0),(595,0,'2020-02-28 01:17:18','2020-02-28 01:17:18','','Paintings','','inherit','closed','closed','','96-revision-v1','','','2020-02-28 01:17:18','2020-02-28 01:17:18','',96,'https://quirkyaprons.com/2020/02/28/96-revision-v1/',0,'revision','',0),(596,0,'2020-02-28 01:17:18','2020-02-28 01:17:18','[woocommerce_my_account]','My account','','inherit','closed','closed','','61-revision-v1','','','2020-02-28 01:17:18','2020-02-28 01:17:18','',61,'https://quirkyaprons.com/2020/02/28/61-revision-v1/',0,'revision','',0),(597,0,'2020-02-28 01:17:18','2020-02-28 01:17:18','[woocommerce_checkout]','Checkout','','inherit','closed','closed','','60-revision-v1','','','2020-02-28 01:17:18','2020-02-28 01:17:18','',60,'https://quirkyaprons.com/2020/02/28/60-revision-v1/',0,'revision','',0),(598,0,'2020-02-28 01:17:18','2020-02-28 01:17:18','[woocommerce_cart]','Cart','','inherit','closed','closed','','59-revision-v1','','','2020-02-28 01:17:18','2020-02-28 01:17:18','',59,'https://quirkyaprons.com/2020/02/28/59-revision-v1/',0,'revision','',0),(599,0,'2020-02-28 01:17:19','2020-02-28 01:17:19','','Quirky-Aprons-Etsy-Store.png','','inherit','open','closed','','quirky-aprons-etsy-store-png','','','2020-02-28 01:17:19','2020-02-28 01:17:19','',0,'https://quirkyaprons.com/wp-content/uploads/2020/02/Quirky-Aprons-Etsy-Store.png',0,'attachment','image/png',0),(600,1,'2020-02-28 02:32:17','2020-02-28 02:32:17','<img width=\"1000\" height=\"667\" src=\"https://websitedemos.net/artist-02/wp-content/uploads/sites/148/2020/01/freelance-artist-home-banner.jpg\" alt=\"\" srcset=\"https://websitedemos.net/artist-02/wp-content/uploads/sites/148/2020/01/freelance-artist-home-banner.jpg 1000w, https://websitedemos.net/artist-02/wp-content/uploads/sites/148/2020/01/freelance-artist-home-banner-300x200.jpg 300w, https://websitedemos.net/artist-02/wp-content/uploads/sites/148/2020/01/freelance-artist-home-banner-768x512.jpg 768w, https://websitedemos.net/artist-02/wp-content/uploads/sites/148/2020/01/freelance-artist-home-banner-600x400.jpg 600w, https://websitedemos.net/artist-02/wp-content/uploads/sites/148/2020/01/freelance-artist-home-banner-400x267.jpg 400w\" sizes=\"(max-width: 1000px) 100vw, 1000px\" />											\n			<h1>Cristina Jones</h1>		\n			<h2>Colors And Shapes Inspire Me...</h2>		\n		<p>Mauris blandit aliquet elit, eget tincidunt nibh pulvinar a. Donec sollicitudin molestie malesuada. Curabitur arcu erat, accumsan id imperdiet et, porttitor at sem. Donec sollicitudin molestie malesuada. Cras ultricies ligula sed magna dictum porta. Quisque velit nisi, pretium ut lacinia in, elementum id enim. Donec rutrum congue leo eget malesuada. Cras ultricies ligula sed magna dictum porta. </p>		\n			<a href=\"#\" role=\"button\">\n						Discover Collection\n					</a>\n			<h2>Welcome To My Website</h2>		\n		<p>Mauris blandit aliquet elit, eget tincidunt nibh pulvinar a. Donec sollicitudin molestie malesuada. Curabitur arcu erat, accumsan id imperdiet et, porttitor at sem. Donec sollicitudin molestie malesuada. Cras ultricies ligula sed magna dictum porta. Quisque velit nisi, pretium ut lacinia in, elementum id enim. Donec rutrum congue leo eget malesuada. Cras ultricies ligula sed magna dictum porta. </p>		\n			<h2>Explore My Paintings</h2>		\n		<p>Curabitur arcu erat, accumsan id imperdiet et, porttitor at sem. </p>[featured_products columns=\"3\"]		\n			<h3>Categories</h3>		\n		<p>Accumsan id imperdiet et, porttitor at sem. </p>[product_categories columns=\"3\"]		\n			<a href=\"#\" role=\"button\">\n						Discover Collection\n					</a>','Home','','inherit','closed','closed','','50-revision-v1','','','2020-02-28 02:32:17','2020-02-28 02:32:17','',50,'https://quirkyaprons.com/2020/02/28/50-revision-v1/',0,'revision','',0),(602,1,'2020-02-28 04:29:02','2020-02-28 04:29:02','<img width=\"1000\" height=\"667\" src=\"https://quirkyaprons.com/wp-content/uploads/2020/01/freelance-artist-home-banner.jpg\" alt=\"\" srcset=\"https://quirkyaprons.com/wp-content/uploads/2020/01/freelance-artist-home-banner.jpg 1000w, https://quirkyaprons.com/wp-content/uploads/2020/01/freelance-artist-home-banner-300x200.jpg 300w, https://quirkyaprons.com/wp-content/uploads/2020/01/freelance-artist-home-banner-768x512.jpg 768w, https://quirkyaprons.com/wp-content/uploads/2020/01/freelance-artist-home-banner-600x400.jpg 600w\" sizes=\"(max-width: 1000px) 100vw, 1000px\" />											\n			<h1>Quirky Aprons</h1>		\n			<h2>Colors And Shapes Inspire Me...</h2>		\n		<p>Mauris blandit aliquet elit, eget tincidunt nibh pulvinar a. Donec sollicitudin molestie malesuada. Curabitur arcu erat, accumsan id imperdiet et, porttitor at sem. Donec sollicitudin molestie malesuada. Cras ultricies ligula sed magna dictum porta. Quisque velit nisi, pretium ut lacinia in, elementum id enim. Donec rutrum congue leo eget malesuada. Cras ultricies ligula sed magna dictum porta. </p>		\n			<a href=\"#\" role=\"button\">\n						Discover Collection\n					</a>\n			<h2>Welcome To My Website</h2>		\n		<p>Mauris blandit aliquet elit, eget tincidunt nibh pulvinar a. Donec sollicitudin molestie malesuada. Curabitur arcu erat, accumsan id imperdiet et, porttitor at sem. Donec sollicitudin molestie malesuada. Cras ultricies ligula sed magna dictum porta. Quisque velit nisi, pretium ut lacinia in, elementum id enim. Donec rutrum congue leo eget malesuada. Cras ultricies ligula sed magna dictum porta. </p>		\n			<h2>Explore My Paintings</h2>		\n		<p>Curabitur arcu erat, accumsan id imperdiet et, porttitor at sem. </p>[featured_products columns=\"3\"]		\n			<h3>Categories</h3>		\n		<p>Accumsan id imperdiet et, porttitor at sem. </p>[product_categories columns=\"3\"]		\n			<a href=\"#\" role=\"button\">\n						Discover Collection\n					</a>','Home','','inherit','closed','closed','','50-revision-v1','','','2020-02-28 04:29:02','2020-02-28 04:29:02','',50,'https://quirkyaprons.com/2020/02/28/50-revision-v1/',0,'revision','',0),(603,1,'2020-02-28 04:52:44','2020-02-28 04:52:44','','QuirkyApronA1c','','inherit','open','closed','','quirkyaprona1c','','','2020-02-28 04:52:44','2020-02-28 04:52:44','',56,'https://quirkyaprons.com/wp-content/uploads/2017/12/QuirkyApronA1c.jpg',0,'attachment','image/jpeg',0),(604,1,'2020-02-28 04:53:38','2020-02-28 04:53:38','','QuirkyApronA1d','','inherit','open','closed','','quirkyaprona1d','','','2020-02-28 04:53:38','2020-02-28 04:53:38','',56,'https://quirkyaprons.com/wp-content/uploads/2017/12/QuirkyApronA1d.png',0,'attachment','image/png',0),(605,1,'2020-02-28 04:54:03','2020-02-28 04:54:03','','QuirkyApronA1e','','inherit','open','closed','','quirkyaprona1e','','','2020-02-28 04:54:03','2020-02-28 04:54:03','',56,'https://quirkyaprons.com/wp-content/uploads/2017/12/QuirkyApronA1e.png',0,'attachment','image/png',0),(606,1,'2020-02-28 05:36:38','2020-02-28 05:36:38','<img width=\"1000\" height=\"667\" src=\"https://quirkyaprons.com/wp-content/uploads/2020/01/freelance-artist-home-banner.jpg\" alt=\"\" srcset=\"https://quirkyaprons.com/wp-content/uploads/2020/01/freelance-artist-home-banner.jpg 1000w, https://quirkyaprons.com/wp-content/uploads/2020/01/freelance-artist-home-banner-300x200.jpg 300w, https://quirkyaprons.com/wp-content/uploads/2020/01/freelance-artist-home-banner-768x512.jpg 768w, https://quirkyaprons.com/wp-content/uploads/2020/01/freelance-artist-home-banner-600x400.jpg 600w\" sizes=\"(max-width: 1000px) 100vw, 1000px\" />											\n			<h1>Quirky Aprons</h1>		\n			<h2>Colors And Shapes Inspire Me...</h2>		\n		<p>Mauris blandit aliquet elit, eget tincidunt nibh pulvinar a. Donec sollicitudin molestie malesuada. Curabitur arcu erat, accumsan id imperdiet et, porttitor at sem. Donec sollicitudin molestie malesuada. Cras ultricies ligula sed magna dictum porta. Quisque velit nisi, pretium ut lacinia in, elementum id enim. Donec rutrum congue leo eget malesuada. Cras ultricies ligula sed magna dictum porta. </p>		\n			<a href=\"#\" role=\"button\">\n						Discover Collection\n					</a>\n			<h2>Welcome To My Website</h2>		\n		<p>Mauris blandit aliquet elit, eget tincidunt nibh pulvinar a. Donec sollicitudin molestie malesuada. Curabitur arcu erat, accumsan id imperdiet et, porttitor at sem. Donec sollicitudin molestie malesuada. Cras ultricies ligula sed magna dictum porta. Quisque velit nisi, pretium ut lacinia in, elementum id enim. Donec rutrum congue leo eget malesuada. Cras ultricies ligula sed magna dictum porta. </p>		\n			<h2>Explore My Paintings</h2>		\n		<p>Curabitur arcu erat, accumsan id imperdiet et, porttitor at sem. </p>[featured_products columns=\"3\"]		\n			<h3>Categories</h3>		\n		<p>Accumsan id imperdiet et, porttitor at sem. </p>[product_categories columns=\"3\"]		\n			<a href=\"#\" role=\"button\">\n						Discover Collection\n					</a>','Home','','inherit','closed','closed','','50-revision-v1','','','2020-02-28 05:36:38','2020-02-28 05:36:38','',50,'https://quirkyaprons.com/2020/02/28/50-revision-v1/',0,'revision','',0),(607,1,'2020-02-28 05:37:51','2020-02-28 05:37:51','<img width=\"1000\" height=\"667\" src=\"https://quirkyaprons.com/wp-content/uploads/2020/01/freelance-artist-home-banner.jpg\" alt=\"\" srcset=\"https://quirkyaprons.com/wp-content/uploads/2020/01/freelance-artist-home-banner.jpg 1000w, https://quirkyaprons.com/wp-content/uploads/2020/01/freelance-artist-home-banner-300x200.jpg 300w, https://quirkyaprons.com/wp-content/uploads/2020/01/freelance-artist-home-banner-768x512.jpg 768w, https://quirkyaprons.com/wp-content/uploads/2020/01/freelance-artist-home-banner-600x400.jpg 600w\" sizes=\"(max-width: 1000px) 100vw, 1000px\" />											\n			<h1>Quirky Aprons</h1>		\n			<h2>Colors And Shapes Inspire Me...</h2>		\n		<p>Mauris blandit aliquet elit, eget tincidunt nibh pulvinar a. Donec sollicitudin molestie malesuada. Curabitur arcu erat, accumsan id imperdiet et, porttitor at sem. Donec sollicitudin molestie malesuada. Cras ultricies ligula sed magna dictum porta. Quisque velit nisi, pretium ut lacinia in, elementum id enim. Donec rutrum congue leo eget malesuada. Cras ultricies ligula sed magna dictum porta. </p>		\n			<a href=\"#\" role=\"button\">\n						Discover Collection\n					</a>\n			<h2>Welcome To My Website</h2>		\n		<p>Mauris blandit aliquet elit, eget tincidunt nibh pulvinar a. Donec sollicitudin molestie malesuada. Curabitur arcu erat, accumsan id imperdiet et, porttitor at sem. Donec sollicitudin molestie malesuada. Cras ultricies ligula sed magna dictum porta. Quisque velit nisi, pretium ut lacinia in, elementum id enim. Donec rutrum congue leo eget malesuada. Cras ultricies ligula sed magna dictum porta. </p>		\n			<h2>Explore My Paintings</h2>		\n		<p>Curabitur arcu erat, accumsan id imperdiet et, porttitor at sem. </p>[featured_products columns=\"3\"]		\n			<h3>Categories</h3>		\n		<p>Accumsan id imperdiet et, porttitor at sem. </p>[product_categories columns=\"3\"]		\n			<a href=\"#\" role=\"button\">\n						Discover Collection\n					</a>','Home','','inherit','closed','closed','','50-revision-v1','','','2020-02-28 05:37:51','2020-02-28 05:37:51','',50,'https://quirkyaprons.com/2020/02/28/50-revision-v1/',0,'revision','',0),(608,1,'2020-02-28 05:39:16','2020-02-28 05:39:16','<img width=\"1000\" height=\"667\" src=\"https://quirkyaprons.com/wp-content/uploads/2020/01/freelance-artist-home-banner.jpg\" alt=\"\" srcset=\"https://quirkyaprons.com/wp-content/uploads/2020/01/freelance-artist-home-banner.jpg 1000w, https://quirkyaprons.com/wp-content/uploads/2020/01/freelance-artist-home-banner-300x200.jpg 300w, https://quirkyaprons.com/wp-content/uploads/2020/01/freelance-artist-home-banner-768x512.jpg 768w, https://quirkyaprons.com/wp-content/uploads/2020/01/freelance-artist-home-banner-600x400.jpg 600w\" sizes=\"(max-width: 1000px) 100vw, 1000px\" />											\n			<h1>Quirky Aprons</h1>		\n			<h2>Aprons Inspire Me...</h2>		\n		<p>Mauris blandit aliquet elit, eget tincidunt nibh pulvinar a. Donec sollicitudin molestie malesuada. Curabitur arcu erat, accumsan id imperdiet et, porttitor at sem. Donec sollicitudin molestie malesuada. Cras ultricies ligula sed magna dictum porta. Quisque velit nisi, pretium ut lacinia in, elementum id enim. Donec rutrum congue leo eget malesuada. Cras ultricies ligula sed magna dictum porta. </p>		\n			<a href=\"#\" role=\"button\">\n						Discover Collection\n					</a>\n			<h2>Welcome To My Website</h2>		\n		<p>Mauris blandit aliquet elit, eget tincidunt nibh pulvinar a. Donec sollicitudin molestie malesuada. Curabitur arcu erat, accumsan id imperdiet et, porttitor at sem. Donec sollicitudin molestie malesuada. Cras ultricies ligula sed magna dictum porta. Quisque velit nisi, pretium ut lacinia in, elementum id enim. Donec rutrum congue leo eget malesuada. Cras ultricies ligula sed magna dictum porta. </p>		\n			<h2>Explore My Paintings</h2>		\n		<p>Curabitur arcu erat, accumsan id imperdiet et, porttitor at sem. </p>[featured_products columns=\"3\"]		\n			<h3>Categories</h3>		\n		<p>Accumsan id imperdiet et, porttitor at sem. </p>[product_categories columns=\"3\"]		\n			<a href=\"#\" role=\"button\">\n						Discover Collection\n					</a>','Home','','inherit','closed','closed','','50-revision-v1','','','2020-02-28 05:39:16','2020-02-28 05:39:16','',50,'https://quirkyaprons.com/2020/02/28/50-revision-v1/',0,'revision','',0),(609,1,'2020-02-29 03:29:46','2020-02-29 03:29:46','','Quirky Aprons Website Cover','','inherit','open','closed','','quirky-aprons-website-cover','','','2020-02-29 03:29:46','2020-02-29 03:29:46','',0,'https://quirkyaprons.com/wp-content/uploads/2020/02/Quirky-Aprons-Website-Cover-.png',0,'attachment','image/png',0),(610,1,'2020-02-29 03:32:57','2020-02-29 03:32:57','<img width=\"525\" height=\"131\" src=\"https://quirkyaprons.com/wp-content/uploads/2020/01/Quirky-Aprons-Etsy-Store-1024x256.png\" alt=\"Quirky Aprons\" srcset=\"https://quirkyaprons.com/wp-content/uploads/2020/01/Quirky-Aprons-Etsy-Store-1024x256.png 1024w, https://quirkyaprons.com/wp-content/uploads/2020/01/Quirky-Aprons-Etsy-Store-300x75.png 300w, https://quirkyaprons.com/wp-content/uploads/2020/01/Quirky-Aprons-Etsy-Store-768x192.png 768w, https://quirkyaprons.com/wp-content/uploads/2020/01/Quirky-Aprons-Etsy-Store-1536x384.png 1536w, https://quirkyaprons.com/wp-content/uploads/2020/01/Quirky-Aprons-Etsy-Store-2048x512.png 2048w\" sizes=\"100vw\">','Home','','inherit','closed','closed','','9-revision-v1','','','2020-02-29 03:32:57','2020-02-29 03:32:57','',9,'https://quirkyaprons.com/2020/02/29/9-revision-v1/',0,'revision','',0),(611,1,'2020-02-29 03:34:46','2020-02-29 03:34:46','<img width=\"1000\" height=\"667\" src=\"https://quirkyaprons.com/wp-content/uploads/2020/02/Quirky-Aprons-Website-Cover-.png\" alt=\"\" srcset=\"https://quirkyaprons.com/wp-content/uploads/2020/02/Quirky-Aprons-Website-Cover-.png 1000w, https://quirkyaprons.com/wp-content/uploads/2020/02/Quirky-Aprons-Website-Cover--300x200.png 300w, https://quirkyaprons.com/wp-content/uploads/2020/02/Quirky-Aprons-Website-Cover--768x512.png 768w, https://quirkyaprons.com/wp-content/uploads/2020/02/Quirky-Aprons-Website-Cover--600x400.png 600w\" sizes=\"(max-width: 1000px) 100vw, 1000px\" />											\n			<h1>Quirky Aprons</h1>		\n			<h2>Aprons Inspire Me...</h2>		\n		<p>Mauris blandit aliquet elit, eget tincidunt nibh pulvinar a. Donec sollicitudin molestie malesuada. Curabitur arcu erat, accumsan id imperdiet et, porttitor at sem. Donec sollicitudin molestie malesuada. Cras ultricies ligula sed magna dictum porta. Quisque velit nisi, pretium ut lacinia in, elementum id enim. Donec rutrum congue leo eget malesuada. Cras ultricies ligula sed magna dictum porta. </p>		\n			<a href=\"#\" role=\"button\">\n						Discover Collection\n					</a>\n			<h2>Welcome To My Website</h2>		\n		<p>Mauris blandit aliquet elit, eget tincidunt nibh pulvinar a. Donec sollicitudin molestie malesuada. Curabitur arcu erat, accumsan id imperdiet et, porttitor at sem. Donec sollicitudin molestie malesuada. Cras ultricies ligula sed magna dictum porta. Quisque velit nisi, pretium ut lacinia in, elementum id enim. Donec rutrum congue leo eget malesuada. Cras ultricies ligula sed magna dictum porta. </p>		\n			<h2>Explore My Paintings</h2>		\n		<p>Curabitur arcu erat, accumsan id imperdiet et, porttitor at sem. </p>[featured_products columns=\"3\"]		\n			<h3>Categories</h3>		\n		<p>Accumsan id imperdiet et, porttitor at sem. </p>[product_categories columns=\"3\"]		\n			<a href=\"#\" role=\"button\">\n						Discover Collection\n					</a>','Home','','inherit','closed','closed','','50-revision-v1','','','2020-02-29 03:34:46','2020-02-29 03:34:46','',50,'https://quirkyaprons.com/2020/02/29/50-revision-v1/',0,'revision','',0),(612,1,'2020-02-29 03:47:38','2020-02-29 03:47:38','','Quirky Apron Website','','inherit','open','closed','','quirky-apron-website','','','2020-02-29 03:47:38','2020-02-29 03:47:38','',159,'https://quirkyaprons.com/wp-content/uploads/2017/12/Quirky-Apron-Website.png',0,'attachment','image/png',0),(613,1,'2020-02-29 03:47:58','2020-02-29 03:47:58','Mauris blandit aliquet elit, eget tincidunt nibh pulvinar a. Donec sollicitudin molestie malesuada. Curabitur arcu erat, accumsan id imperdiet et, porttitor at sem. Donec sollicitudin molestie malesuada. Cras ultricies ligula sed magna dictum porta. Quisque velit nisi, pretium ut lacinia in, elementum id enim. Donec rutrum congue leo eget malesuada. Cras ultricies ligula sed magna dictum porta. Quisque volutpat mattis am. Nullam malesuada erat ut turpis. Suspendisse urna nibh, nean dignissim felis. Lorem ipsum dolor sit amet, consectetuer adipiscing donec odio.','Flower Bed','Quisque volutpat mattis am. Nullam malesuada erat ut turpis. Suspendisse urna nibh, nean dignissim felis. Lorem ipsum dolor sit amet, consectetuer adipiscing donec odio.\r\n<ul>\r\n 	<li>Cras ultricies</li>\r\n 	<li>Magna dictum porta. Quisque velit nisi</li>\r\n 	<li>Pretium ut lacinia in, elementum id enim.</li>\r\n 	<li>Donec rutrum congue leo eget malesuada.</li>\r\n 	<li>Ligula sed magna dictum porta</li>\r\n</ul>','inherit','closed','closed','','159-revision-v1','','','2020-02-29 03:47:58','2020-02-29 03:47:58','',159,'https://quirkyaprons.com/2020/02/29/159-revision-v1/',0,'revision','',0),(614,1,'2020-02-29 03:51:31','2020-02-29 03:51:31','<img width=\"1000\" height=\"667\" src=\"https://quirkyaprons.com/wp-content/uploads/2020/02/Quirky-Aprons-Website-Cover-.png\" alt=\"\" srcset=\"https://quirkyaprons.com/wp-content/uploads/2020/02/Quirky-Aprons-Website-Cover-.png 1000w, https://quirkyaprons.com/wp-content/uploads/2020/02/Quirky-Aprons-Website-Cover--300x200.png 300w, https://quirkyaprons.com/wp-content/uploads/2020/02/Quirky-Aprons-Website-Cover--768x512.png 768w, https://quirkyaprons.com/wp-content/uploads/2020/02/Quirky-Aprons-Website-Cover--600x400.png 600w\" sizes=\"(max-width: 1000px) 100vw, 1000px\" />											\n			<h1>Quirky Aprons</h1>		\n			<h2>Aprons Inspire Me...</h2>		\n		<p>Mauris blandit aliquet elit, eget tincidunt nibh pulvinar a. Donec sollicitudin molestie malesuada. Curabitur arcu erat, accumsan id imperdiet et, porttitor at sem. Donec sollicitudin molestie malesuada. Cras ultricies ligula sed magna dictum porta. Quisque velit nisi, pretium ut lacinia in, elementum id enim. Donec rutrum congue leo eget malesuada. Cras ultricies ligula sed magna dictum porta. </p>		\n			<a href=\"#\" role=\"button\">\n						Discover Collection\n					</a>\n			<h2>Welcome To My Website</h2>		\n		<p>Mauris blandit aliquet elit, eget tincidunt nibh pulvinar a. Donec sollicitudin molestie malesuada. Curabitur arcu erat, accumsan id imperdiet et, porttitor at sem. Donec sollicitudin molestie malesuada. Cras ultricies ligula sed magna dictum porta. Quisque velit nisi, pretium ut lacinia in, elementum id enim. Donec rutrum congue leo eget malesuada. Cras ultricies ligula sed magna dictum porta. </p>		\n			<h2>Explore My Paintings</h2>		\n		<p>Curabitur arcu erat, accumsan id imperdiet et, porttitor at sem. </p>[featured_products columns=\"3\"]		\n			<h3>Categories</h3>		\n		<p>Accumsan id imperdiet et, porttitor at sem. </p>[product_categories columns=\"3\"]		\n			<a href=\"#\" role=\"button\">\n						Discover Collection\n					</a>','Home','','inherit','closed','closed','','50-revision-v1','','','2020-02-29 03:51:31','2020-02-29 03:51:31','',50,'https://quirkyaprons.com/2020/02/29/50-revision-v1/',0,'revision','',0),(616,1,'2020-02-29 03:58:23','2020-02-29 03:58:23','<img width=\"1000\" height=\"667\" src=\"https://quirkyaprons.com/wp-content/uploads/2020/02/Quirky-Aprons-Website-Cover-.png\" alt=\"\" srcset=\"https://quirkyaprons.com/wp-content/uploads/2020/02/Quirky-Aprons-Website-Cover-.png 1000w, https://quirkyaprons.com/wp-content/uploads/2020/02/Quirky-Aprons-Website-Cover--300x200.png 300w, https://quirkyaprons.com/wp-content/uploads/2020/02/Quirky-Aprons-Website-Cover--768x512.png 768w, https://quirkyaprons.com/wp-content/uploads/2020/02/Quirky-Aprons-Website-Cover--600x400.png 600w\" sizes=\"(max-width: 1000px) 100vw, 1000px\" />											\n			<h1>Quirky Aprons</h1>		\n			<h2>Aprons Inspire Me...</h2>		\n		<p>Mauris blandit aliquet elit, eget tincidunt nibh pulvinar a. Donec sollicitudin molestie malesuada. Curabitur arcu erat, accumsan id imperdiet et, porttitor at sem. Donec sollicitudin molestie malesuada. Cras ultricies ligula sed magna dictum porta. Quisque velit nisi, pretium ut lacinia in, elementum id enim. Donec rutrum congue leo eget malesuada. Cras ultricies ligula sed magna dictum porta. </p>		\n			<a href=\"#\" role=\"button\">\n						Discover Collection\n					</a>\n			<h2>Welcome To My Website</h2>		\n		<p>Mauris blandit aliquet elit, eget tincidunt nibh pulvinar a. Donec sollicitudin molestie malesuada. Curabitur arcu erat, accumsan id imperdiet et, porttitor at sem. Donec sollicitudin molestie malesuada. Cras ultricies ligula sed magna dictum porta. Quisque velit nisi, pretium ut lacinia in, elementum id enim. Donec rutrum congue leo eget malesuada. Cras ultricies ligula sed magna dictum porta. </p>		\n			<h2>Explore My Paintings</h2>		\n		<p>Curabitur arcu erat, accumsan id imperdiet et, porttitor at sem. </p>[featured_products columns=\"3\"]		\n			<h3>Categories</h3>		\n		<p>Accumsan id imperdiet et, porttitor at sem. </p>[product_categories columns=\"3\"]		\n			<a href=\"#\" role=\"button\">\n						Discover Collection\n					</a>','Home','','inherit','closed','closed','','50-revision-v1','','','2020-02-29 03:58:23','2020-02-29 03:58:23','',50,'https://quirkyaprons.com/2020/02/29/50-revision-v1/',0,'revision','',0),(618,1,'2020-02-29 04:18:31','2020-02-29 04:18:31','<img width=\"1000\" height=\"667\" src=\"https://quirkyaprons.com/wp-content/uploads/2020/02/Quirky-Aprons-Website-Cover-.png\" alt=\"\" srcset=\"https://quirkyaprons.com/wp-content/uploads/2020/02/Quirky-Aprons-Website-Cover-.png 1000w, https://quirkyaprons.com/wp-content/uploads/2020/02/Quirky-Aprons-Website-Cover--300x200.png 300w, https://quirkyaprons.com/wp-content/uploads/2020/02/Quirky-Aprons-Website-Cover--768x512.png 768w, https://quirkyaprons.com/wp-content/uploads/2020/02/Quirky-Aprons-Website-Cover--600x400.png 600w\" sizes=\"(max-width: 1000px) 100vw, 1000px\" />											\n			<h1>Quirky Aprons</h1>		\n			<h2>Aprons Inspire Me...</h2>		\n		<p>Mauris blandit aliquet elit, eget tincidunt nibh pulvinar a. Donec sollicitudin molestie malesuada. Curabitur arcu erat, accumsan id imperdiet et, porttitor at sem. Donec sollicitudin molestie malesuada. Cras ultricies ligula sed magna dictum porta. Quisque velit nisi, pretium ut lacinia in, elementum id enim. Donec rutrum congue leo eget malesuada. Cras ultricies ligula sed magna dictum porta. </p>		\n			<a href=\"#\" role=\"button\">\n						Discover Collection\n					</a>\n			<h2>Welcome To My Website</h2>		\n		<p>Mauris blandit aliquet elit, eget tincidunt nibh pulvinar a. Donec sollicitudin molestie malesuada. Curabitur arcu erat, accumsan id imperdiet et, porttitor at sem. Donec sollicitudin molestie malesuada. Cras ultricies ligula sed magna dictum porta. Quisque velit nisi, pretium ut lacinia in, elementum id enim. Donec rutrum congue leo eget malesuada. Cras ultricies ligula sed magna dictum porta. </p>		\n			<h2>Explore My Paintings</h2>		\n		<p>Curabitur arcu erat, accumsan id imperdiet et, porttitor at sem. </p>[featured_products columns=\"3\"]		\n			<h3>Categories</h3>		\n		<p>Accumsan id imperdiet et, porttitor at sem. </p>[product_categories columns=\"3\"]		\n			<a href=\"#\" role=\"button\">\n						Discover Collection\n					</a>','Home','','inherit','closed','closed','','50-revision-v1','','','2020-02-29 04:18:31','2020-02-29 04:18:31','',50,'https://quirkyaprons.com/2020/02/29/50-revision-v1/',0,'revision','',0),(617,1,'2020-02-29 04:06:28','2020-02-29 04:06:28','<img width=\"1000\" height=\"667\" src=\"https://quirkyaprons.com/wp-content/uploads/2020/02/Quirky-Aprons-Website-Cover-.png\" alt=\"\" srcset=\"https://quirkyaprons.com/wp-content/uploads/2020/02/Quirky-Aprons-Website-Cover-.png 1000w, https://quirkyaprons.com/wp-content/uploads/2020/02/Quirky-Aprons-Website-Cover--300x200.png 300w, https://quirkyaprons.com/wp-content/uploads/2020/02/Quirky-Aprons-Website-Cover--768x512.png 768w, https://quirkyaprons.com/wp-content/uploads/2020/02/Quirky-Aprons-Website-Cover--600x400.png 600w\" sizes=\"(max-width: 1000px) 100vw, 1000px\" />											\n			<h1>Quirky Aprons</h1>		\n			<h3>Something old ...<br>Something new ...<br>Put together just for you ....</h3>		\n		<p>Mauris blandit aliquet elit, eget tincidunt nibh pulvinar a. Donec sollicitudin molestie malesuada. Curabitur arcu erat, accumsan id imperdiet et, porttitor at sem. Donec sollicitudin molestie malesuada. Cras ultricies ligula sed magna dictum porta. Quisque velit nisi, pretium ut lacinia in, elementum id enim. Donec rutrum congue leo eget malesuada. Cras ultricies ligula sed magna dictum porta. </p>		\n			<a href=\"#\" role=\"button\">\n						Discover Collection\n					</a>\n			<h2>Welcome To My Website</h2>		\n		<p>Mauris blandit aliquet elit, eget tincidunt nibh pulvinar a. Donec sollicitudin molestie malesuada. Curabitur arcu erat, accumsan id imperdiet et, porttitor at sem. Donec sollicitudin molestie malesuada. Cras ultricies ligula sed magna dictum porta. Quisque velit nisi, pretium ut lacinia in, elementum id enim. Donec rutrum congue leo eget malesuada. Cras ultricies ligula sed magna dictum porta. </p>		\n			<h2>Explore My Paintings</h2>		\n		<p>Curabitur arcu erat, accumsan id imperdiet et, porttitor at sem. </p>[featured_products columns=\"3\"]		\n			<h3>Categories</h3>		\n		<p>Accumsan id imperdiet et, porttitor at sem. </p>[product_categories columns=\"3\"]		\n			<a href=\"#\" role=\"button\">\n						Discover Collection\n					</a>','Home','','inherit','closed','closed','','50-revision-v1','','','2020-02-29 04:06:28','2020-02-29 04:06:28','',50,'https://quirkyaprons.com/2020/02/29/50-revision-v1/',0,'revision','',0),(620,1,'2020-02-29 04:36:59','2020-02-29 04:36:59','<img width=\"1000\" height=\"667\" src=\"https://quirkyaprons.com/wp-content/uploads/2020/02/Quirky-Aprons-Website-Cover-.png\" alt=\"\" srcset=\"https://quirkyaprons.com/wp-content/uploads/2020/02/Quirky-Aprons-Website-Cover-.png 1000w, https://quirkyaprons.com/wp-content/uploads/2020/02/Quirky-Aprons-Website-Cover--600x400.png 600w, https://quirkyaprons.com/wp-content/uploads/2020/02/Quirky-Aprons-Website-Cover--300x200.png 300w, https://quirkyaprons.com/wp-content/uploads/2020/02/Quirky-Aprons-Website-Cover--768x512.png 768w\" sizes=\"(max-width: 1000px) 100vw, 1000px\" />											\n			<h1>Quirky Aprons</h1>		\n			<h2>Aprons Inspire Me...</h2>		\n		<p>Mauris blandit aliquet elit, eget tincidunt nibh pulvinar a. Donec sollicitudin molestie malesuada. Curabitur arcu erat, accumsan id imperdiet et, porttitor at sem. Donec sollicitudin molestie malesuada. Cras ultricies ligula sed magna dictum porta. Quisque velit nisi, pretium ut lacinia in, elementum id enim. Donec rutrum congue leo eget malesuada. Cras ultricies ligula sed magna dictum porta. </p>		\n			<a href=\"#\" role=\"button\">\n						Discover Collection\n					</a>\n			<h2>Welcome To My Website</h2>		\n		<p>Mauris blandit aliquet elit, eget tincidunt nibh pulvinar a. Donec sollicitudin molestie malesuada. Curabitur arcu erat, accumsan id imperdiet et, porttitor at sem. Donec sollicitudin molestie malesuada. Cras ultricies ligula sed magna dictum porta. Quisque velit nisi, pretium ut lacinia in, elementum id enim. Donec rutrum congue leo eget malesuada. Cras ultricies ligula sed magna dictum porta. </p>		\n			<h2>Explore My Paintings</h2>		\n		<p>Curabitur arcu erat, accumsan id imperdiet et, porttitor at sem. </p>[featured_products columns=\"3\"]		\n			<h3>Categories</h3>		\n		<p>Accumsan id imperdiet et, porttitor at sem. </p>[product_categories columns=\"3\"]		\n			<a href=\"#\" role=\"button\">\n						Discover Collection\n					</a>','Home','','inherit','closed','closed','','50-revision-v1','','','2020-02-29 04:36:59','2020-02-29 04:36:59','',50,'https://quirkyaprons.com/2020/02/29/50-revision-v1/',0,'revision','',0),(621,1,'2020-02-29 04:48:36','2020-02-29 04:48:36','','QuiryApronsTag','','inherit','open','closed','','quiryapronstag','','','2020-02-29 04:51:29','2020-02-29 04:51:29','',0,'https://quirkyaprons.com/wp-content/uploads/2020/02/QuiryApronsTag.jpg',0,'attachment','image/jpeg',0),(634,1,'2022-02-25 19:41:59','0000-00-00 00:00:00','','Auto Draft','','auto-draft','open','open','','','','','2022-02-25 19:41:59','0000-00-00 00:00:00','',0,'https://quirkyaprons.com/?p=634',0,'post','',0);

-- Dumped table `wpql_posts` with 98 row(s)
--

--
-- Table structure for table `wpql_actionscheduler_groups`
--

CREATE TABLE `wpql_actionscheduler_groups` (
  `group_id` bigint(20) unsigned NOT NULL AUTO_INCREMENT,
  `slug` varchar(255) COLLATE utf8mb4_unicode_ci NOT NULL,
  PRIMARY KEY (`group_id`),
  KEY `slug` (`slug`(191))
) ENGINE=MyISAM AUTO_INCREMENT=6 DEFAULT CHARSET=utf8mb4 COLLATE=utf8mb4_unicode_ci;

--
-- Dumping data for table `wpql_actionscheduler_groups`
--

INSERT INTO `wpql_actionscheduler_groups` VALUES (1,'action-scheduler-migration'),(2,'wpforms'),(3,'woocommerce-db-updates'),(4,'wc-admin-data'),(5,'wc_update_product_lookup_tables');

-- Dumped table `wpql_actionscheduler_groups` with 5 row(s)
--

--
-- Table structure for table `wpql_wc_reserved_stock`
--

CREATE TABLE `wpql_wc_reserved_stock` (
  `order_id` bigint(20) NOT NULL,
  `product_id` bigint(20) NOT NULL,
  `stock_quantity` double NOT NULL DEFAULT 0,
  `timestamp` datetime NOT NULL DEFAULT '0000-00-00 00:00:00',
  `expires` datetime NOT NULL DEFAULT '0000-00-00 00:00:00',
  PRIMARY KEY (`order_id`,`product_id`)
) ENGINE=MyISAM DEFAULT CHARSET=utf8mb4 COLLATE=utf8mb4_unicode_ci;

--
-- Dumping data for table `wpql_wc_reserved_stock`
--


-- Dumped table `wpql_wc_reserved_stock` with 0 row(s)
--

--
-- Table structure for table `wpql_woocommerce_tax_rate_locations`
--

CREATE TABLE `wpql_woocommerce_tax_rate_locations` (
  `location_id` bigint(20) unsigned NOT NULL AUTO_INCREMENT,
  `location_code` varchar(200) COLLATE utf8mb4_unicode_ci NOT NULL,
  `tax_rate_id` bigint(20) unsigned NOT NULL,
  `location_type` varchar(40) COLLATE utf8mb4_unicode_ci NOT NULL,
  PRIMARY KEY (`location_id`),
  KEY `tax_rate_id` (`tax_rate_id`),
  KEY `location_type_code` (`location_type`(10),`location_code`(20))
) ENGINE=MyISAM DEFAULT CHARSET=utf8mb4 COLLATE=utf8mb4_unicode_ci;

--
-- Dumping data for table `wpql_woocommerce_tax_rate_locations`
--


-- Dumped table `wpql_woocommerce_tax_rate_locations` with 0 row(s)
--

--
-- Table structure for table `wpql_wc_order_stats`
--

CREATE TABLE `wpql_wc_order_stats` (
  `order_id` bigint(20) unsigned NOT NULL,
  `parent_id` bigint(20) unsigned NOT NULL DEFAULT 0,
  `date_created` datetime NOT NULL DEFAULT '0000-00-00 00:00:00',
  `date_created_gmt` datetime NOT NULL DEFAULT '0000-00-00 00:00:00',
  `num_items_sold` int(11) NOT NULL DEFAULT 0,
  `total_sales` double NOT NULL DEFAULT 0,
  `tax_total` double NOT NULL DEFAULT 0,
  `shipping_total` double NOT NULL DEFAULT 0,
  `net_total` double NOT NULL DEFAULT 0,
  `returning_customer` tinyint(1) DEFAULT NULL,
  `status` varchar(200) COLLATE utf8mb4_unicode_ci NOT NULL,
  `customer_id` bigint(20) unsigned NOT NULL,
  PRIMARY KEY (`order_id`),
  KEY `date_created` (`date_created`),
  KEY `customer_id` (`customer_id`),
  KEY `status` (`status`(191))
) ENGINE=MyISAM DEFAULT CHARSET=utf8mb4 COLLATE=utf8mb4_unicode_ci;

--
-- Dumping data for table `wpql_wc_order_stats`
--


-- Dumped table `wpql_wc_order_stats` with 0 row(s)
--


